{"id":57037,"date":"2022-07-08T17:15:18","date_gmt":"2022-07-08T15:15:18","guid":{"rendered":"https:\/\/fundacioateneusantroc.org\/ateneu-arpilleres\/las-arpilleristas\/"},"modified":"2023-07-30T18:15:21","modified_gmt":"2023-07-30T16:15:21","slug":"las-arpilleristas","status":"publish","type":"ateneu-arpilleres","link":"https:\/\/fundacioateneusantroc.org\/es\/ateneu-arpilleres\/las-arpilleristas\/","title":{"rendered":"El grupo de arpilleras"},"content":{"rendered":"\n<div style=\"height:37px\" aria-hidden=\"true\" class=\"wp-block-spacer\"><\/div>\n\n<figure class=\"wp-block-embed is-type-video is-provider-youtube wp-block-embed-youtube wp-embed-aspect-16-9 wp-has-aspect-ratio\"><div class=\"wp-block-embed__wrapper\">\n<iframe loading=\"lazy\" title=\"Grup d&#039;arpilleres \u00b7 RTVE Catalunya\" width=\"500\" height=\"281\" src=\"https:\/\/www.youtube.com\/embed\/TFStTlzZI1E?feature=oembed\" frameborder=\"0\" allow=\"accelerometer; autoplay; clipboard-write; encrypted-media; gyroscope; picture-in-picture; web-share\" referrerpolicy=\"strict-origin-when-cross-origin\" allowfullscreen><\/iframe>\n<\/div><\/figure>\n\n<div style=\"height:37px\" aria-hidden=\"true\" class=\"wp-block-spacer\"><\/div>\n\n<p>Las arpilleras para l&#8217;Ateneu, fueron el descubrimiento de un nuevo mundo lleno de posibilidades y encaj\u00f3 a la perfecci\u00f3n con los valores y el trabajo de la entidad.<\/p>\n\n<p>La primera experiencia, en 2009, nos mostr\u00f3 la fuerza comunicativa de los textiles y &#8220;toc\u00f3&#8221; a un grupo de mujeres con muchas cosas que contar.<\/p>\n\n<p>Una exposici\u00f3n en 2012 sobre el exilio de los republicanos, los campos de Argel\u00e9s y la maternidad de Elna fue el detonante que impuls\u00f3 a varias mujeres a la acci\u00f3n: el grupo de arpilleras de l&#8217;Ateneu daba los primeros pasos empujado por la <strong>necesidad<\/strong> de coser aquella historia y darla a conocer.<\/p>\n\n<p>Es as\u00ed como surgen las primeras arpilleras colectivas, con la dificultad que implica coser sobre el mismo lienzo, ponerse de acuerdo, igualar tama\u00f1os&#8230; Ninguna de las arpilleristas hab\u00eda vivido el exilio de los republicanos ni la maternidad de Elna, pero los personajes, las situaciones, destilan emoci\u00f3n, indignaci\u00f3n y esperanza. Las arpilleras en acci\u00f3n est\u00e1n en marcha.<\/p>\n\n<p>En el 2013, un taller con Roberta Bacic marca la l\u00ednea de trabajo del grupo: los <strong>derechos humanos<\/strong>. Juntas, cosemos dos arpilleras reclamando estos derechos en las jornadas Mar\u00e78.<\/p>\n\n<p>Otro reto y sue\u00f1o del grupo era hacer una arpillera similar a la <a href=\"https:\/\/cain.ulster.ac.uk\/conflicttextiles\/search-quilts2\/fulltextiles1\/?id=314\" target=\"_blank\" rel=\"noreferrer noopener\">Vida en nuestra poblaci\u00f3n<\/a> pero representando la vida de l&#8217;Ateneu. Durante 2 a\u00f1os, el grupo comparte, recrea la vida de la entidad y cose sus valores y sus proyectos. Con Posar fil a l&#8217;agulla (Poner manos a la obra) las arpilleristas se muestran indivisiblemente ligadas a l&#8217;<strong>Ateneu<\/strong>.<\/p>\n\n<figure class=\"wp-block-gallery has-nested-images columns-default is-cropped wp-block-gallery-1 is-layout-flex wp-block-gallery-is-layout-flex\">\n<figure class=\"wp-block-image size-large\"><img decoding=\"async\" data-id=\"52734\" src=\"https:\/\/fundacioateneusantroc.org\/wp-content\/uploads\/Vida-en-nuestra-poblacio&#x301;n.jpg\" alt=\"\" class=\"wp-image-52734\"><\/figure>\n\n\n\n<figure class=\"wp-block-image size-large\"><img loading=\"lazy\" decoding=\"async\" width=\"1024\" height=\"1024\" data-id=\"49979\" src=\"https:\/\/fundacioateneusantroc.org\/wp-content\/uploads\/\/fasr2015-009-1024x1024.jpg\" alt=\"\" class=\"wp-image-49979\" srcset=\"https:\/\/fundacioateneusantroc.org\/wp-content\/uploads\/fasr2015-009-1024x1024.jpg 1024w, https:\/\/fundacioateneusantroc.org\/wp-content\/uploads\/fasr2015-009-300x300.jpg 300w, https:\/\/fundacioateneusantroc.org\/wp-content\/uploads\/fasr2015-009-150x150.jpg 150w, https:\/\/fundacioateneusantroc.org\/wp-content\/uploads\/fasr2015-009-768x768.jpg 768w, https:\/\/fundacioateneusantroc.org\/wp-content\/uploads\/fasr2015-009.jpg 1200w\" sizes=\"auto, (max-width: 1024px) 100vw, 1024px\" \/><\/figure>\n<\/figure>\n\n<p>El <strong>barrio<\/strong>, otro elemento siempre presente en la vida de las arpilleristas, convoc\u00f3 al grupo a celebrar y coser los 50 a\u00f1os de Sant Roc.<\/p>\n\n<p>Ser <strong>mujer<\/strong> y una mujer viva y activa, anima al grupo a investigar y exponer ante el mundo a las Mujeres disruptivas. Cada una se identifica con una, arpillera y mujer pasan a formar parte de la vida de la autora.<\/p>\n\n<p>Otros temas han motivado al grupo a coser: situaciones cercanas y en primera persona, como en el caso de las arpilleras confinadas o bien noticias impresionantes que provocan indignaci\u00f3n, rechazo y solidaridad, como las arpilleras de refugiados.<\/p>\n\n<p>El grupo sigue avanzando. Algunas artistas se marchan, otras se incorporan, pero se mantiene como espacio de reflexi\u00f3n, de convivencia, de lucha conjunta.<\/p>\n\n<figure class=\"wp-block-image size-large\"><img loading=\"lazy\" decoding=\"async\" width=\"1024\" height=\"455\" src=\"https:\/\/fundacioateneusantroc.org\/wp-content\/uploads\/\/portadeta-arpilleristes-1024x455.jpg\" alt=\"\" class=\"wp-image-49360\" srcset=\"https:\/\/fundacioateneusantroc.org\/wp-content\/uploads\/portadeta-arpilleristes-1024x455.jpg 1024w, https:\/\/fundacioateneusantroc.org\/wp-content\/uploads\/portadeta-arpilleristes-300x133.jpg 300w, https:\/\/fundacioateneusantroc.org\/wp-content\/uploads\/portadeta-arpilleristes-768x341.jpg 768w, https:\/\/fundacioateneusantroc.org\/wp-content\/uploads\/portadeta-arpilleristes-1536x683.jpg 1536w, https:\/\/fundacioateneusantroc.org\/wp-content\/uploads\/portadeta-arpilleristes.jpg 1800w\" sizes=\"auto, (max-width: 1024px) 100vw, 1024px\" \/><\/figure>\n","protected":false},"excerpt":{"rendered":"<p>Las arpilleras para l&#8217;Ateneu, fueron el descubrimiento de un nuevo mundo lleno de posibilidades y encaj\u00f3 [&hellip;]<\/p>\n","protected":false},"featured_media":49361,"menu_order":0,"template":"","categories-arpilleres":[1601],"class_list":["post-57037","ateneu-arpilleres","type-ateneu-arpilleres","status-publish","has-post-thumbnail","hentry","categories-arpilleres-las-arpilleristas"],"_links":{"self":[{"href":"https:\/\/fundacioateneusantroc.org\/es\/wp-json\/wp\/v2\/ateneu-arpilleres\/57037","targetHints":{"allow":["GET"]}}],"collection":[{"href":"https:\/\/fundacioateneusantroc.org\/es\/wp-json\/wp\/v2\/ateneu-arpilleres"}],"about":[{"href":"https:\/\/fundacioateneusantroc.org\/es\/wp-json\/wp\/v2\/types\/ateneu-arpilleres"}],"version-history":[{"count":13,"href":"https:\/\/fundacioateneusantroc.org\/es\/wp-json\/wp\/v2\/ateneu-arpilleres\/57037\/revisions"}],"predecessor-version":[{"id":62609,"href":"https:\/\/fundacioateneusantroc.org\/es\/wp-json\/wp\/v2\/ateneu-arpilleres\/57037\/revisions\/62609"}],"wp:featuredmedia":[{"embeddable":true,"href":"https:\/\/fundacioateneusantroc.org\/es\/wp-json\/wp\/v2\/media\/49361"}],"wp:attachment":[{"href":"https:\/\/fundacioateneusantroc.org\/es\/wp-json\/wp\/v2\/media?parent=57037"}],"wp:term":[{"taxonomy":"categories-arpilleres","embeddable":true,"href":"https:\/\/fundacioateneusantroc.org\/es\/wp-json\/wp\/v2\/categories-arpilleres?post=57037"}],"curies":[{"name":"wp","href":"https:\/\/api.w.org\/{rel}","templated":true}]}}

<div style="height:37px" aria-hidden="true" class="wp-block-spacer"></div>

<figure class="wp-block-embed is-type-video is-provider-youtube wp-block-embed-youtube wp-embed-aspect-16-9 wp-has-aspect-ratio"><div class="wp-block-embed__wrapper">
<iframe loading="lazy" title="Grup d&#039;arpilleres · RTVE Catalunya" width="500" height="281" src="https://www.youtube.com/embed/TFStTlzZI1E?feature=oembed" frameborder="0" allow="accelerometer; autoplay; clipboard-write; encrypted-media; gyroscope; picture-in-picture; web-share" referrerpolicy="strict-origin-when-cross-origin" allowfullscreen></iframe>
</div></figure>

<div style="height:37px" aria-hidden="true" class="wp-block-spacer"></div>

<p>Las arpilleras para l&#8217;Ateneu, fueron el descubrimiento de un nuevo mundo lleno de posibilidades y encajó a la perfección con los valores y el trabajo de la entidad.</p>

<p>La primera experiencia, en 2009, nos mostró la fuerza comunicativa de los textiles y &#8220;tocó&#8221; a un grupo de mujeres con muchas cosas que contar.</p>

<p>Una exposición en 2012 sobre el exilio de los republicanos, los campos de Argelés y la maternidad de Elna fue el detonante que impulsó a varias mujeres a la acción: el grupo de arpilleras de l&#8217;Ateneu daba los primeros pasos empujado por la <strong>necesidad</strong> de coser aquella historia y darla a conocer.</p>

<p>Es así como surgen las primeras arpilleras colectivas, con la dificultad que implica coser sobre el mismo lienzo, ponerse de acuerdo, igualar tamaños&#8230; Ninguna de las arpilleristas había vivido el exilio de los republicanos ni la maternidad de Elna, pero los personajes, las situaciones, destilan emoción, indignación y esperanza. Las arpilleras en acción están en marcha.</p>

<p>En el 2013, un taller con Roberta Bacic marca la línea de trabajo del grupo: los <strong>derechos humanos</strong>. Juntas, cosemos dos arpilleras reclamando estos derechos en las jornadas Març8.</p>

<p>Otro reto y sueño del grupo era hacer una arpillera similar a la <a href="https://cain.ulster.ac.uk/conflicttextiles/search-quilts2/fulltextiles1/?id=314" target="_blank" rel="noreferrer noopener">Vida en nuestra población</a> pero representando la vida de l&#8217;Ateneu. Durante 2 años, el grupo comparte, recrea la vida de la entidad y cose sus valores y sus proyectos. Con Posar fil a l&#8217;agulla (Poner manos a la obra) las arpilleristas se muestran indivisiblemente ligadas a l&#8217;<strong>Ateneu</strong>.</p>

<figure class="wp-block-gallery has-nested-images columns-default is-cropped wp-block-gallery-1 is-layout-flex wp-block-gallery-is-layout-flex">
<figure class="wp-block-image size-large"><img decoding="async" data-id="52734" src="https://fundacioateneusantroc.org/wp-content/uploads/Vida-en-nuestra-poblacio&#x301;n.jpg" alt="" class="wp-image-52734"></figure>



<figure class="wp-block-image size-large"><img loading="lazy" decoding="async" width="1024" height="1024" data-id="49979" src="https://fundacioateneusantroc.org/wp-content/uploads//fasr2015-009-1024x1024.jpg" alt="" class="wp-image-49979" srcset="https://fundacioateneusantroc.org/wp-content/uploads/fasr2015-009-1024x1024.jpg 1024w, https://fundacioateneusantroc.org/wp-content/uploads/fasr2015-009-300x300.jpg 300w, https://fundacioateneusantroc.org/wp-content/uploads/fasr2015-009-150x150.jpg 150w, https://fundacioateneusantroc.org/wp-content/uploads/fasr2015-009-768x768.jpg 768w, https://fundacioateneusantroc.org/wp-content/uploads/fasr2015-009.jpg 1200w" sizes="auto, (max-width: 1024px) 100vw, 1024px" /></figure>
</figure>

<p>El <strong>barrio</strong>, otro elemento siempre presente en la vida de las arpilleristas, convocó al grupo a celebrar y coser los 50 años de Sant Roc.</p>

<p>Ser <strong>mujer</strong> y una mujer viva y activa, anima al grupo a investigar y exponer ante el mundo a las Mujeres disruptivas. Cada una se identifica con una, arpillera y mujer pasan a formar parte de la vida de la autora.</p>

<p>Otros temas han motivado al grupo a coser: situaciones cercanas y en primera persona, como en el caso de las arpilleras confinadas o bien noticias impresionantes que provocan indignación, rechazo y solidaridad, como las arpilleras de refugiados.</p>

<p>El grupo sigue avanzando. Algunas artistas se marchan, otras se incorporan, pero se mantiene como espacio de reflexión, de convivencia, de lucha conjunta.</p>

<figure class="wp-block-image size-large"><img loading="lazy" decoding="async" width="1024" height="455" src="https://fundacioateneusantroc.org/wp-content/uploads//portadeta-arpilleristes-1024x455.jpg" alt="" class="wp-image-49360" srcset="https://fundacioateneusantroc.org/wp-content/uploads/portadeta-arpilleristes-1024x455.jpg 1024w, https://fundacioateneusantroc.org/wp-content/uploads/portadeta-arpilleristes-300x133.jpg 300w, https://fundacioateneusantroc.org/wp-content/uploads/portadeta-arpilleristes-768x341.jpg 768w, https://fundacioateneusantroc.org/wp-content/uploads/portadeta-arpilleristes-1536x683.jpg 1536w, https://fundacioateneusantroc.org/wp-content/uploads/portadeta-arpilleristes.jpg 1800w" sizes="auto, (max-width: 1024px) 100vw, 1024px" /></figure>

<p>Las arpilleras para l&#8217;Ateneu, fueron el descubrimiento de un nuevo mundo lleno de posibilidades y encajó [&hellip;]</p>
