{"id":50429,"date":"2022-01-13T14:03:24","date_gmt":"2022-01-13T13:03:24","guid":{"rendered":"https:\/\/fundacioateneusantroc.org\/coleccions\/lobligacio-de-lestat\/"},"modified":"2023-07-17T11:30:17","modified_gmt":"2023-07-17T09:30:17","slug":"lobligacio-de-lestat","status":"publish","type":"coleccio-arpilleres","link":"https:\/\/fundacioateneusantroc.org\/es\/coleccions\/lobligacio-de-lestat\/","title":{"rendered":"L&#8217;obligaci\u00f3 de l&#8217;Estat"},"content":{"rendered":"\n<p>Els drets humans es van definir per garantir una vida digna a tota persona. I \u00e9s obligaci\u00f3 de l&#8217;estat vetllar per l&#8217;acompliment de tots i cadascun d&#8217;ells. Llavors, per qu\u00e8 hem de sortir al carrer a reclamar, a lluitar, a reivindicar? Per qu\u00e8 el nostre estat de benestar est\u00e0 en perill amb tantes retallades?<\/p>\n\n\n\n<p>S\u00f3n els nostres dirigents els qui han de fer de paraig\u00fces, i protegir-nos, i vetllar perqu\u00e8 tots i cadascun dels ciutadans d&#8217;aquest m\u00f3n vegin respectat els seus drets. Mentre aix\u00f2 no sigui realitat&#8230; continuarem amb la lluita.<\/p>\n","protected":false},"excerpt":{"rendered":"<p>Els drets humans es van definir per garantir una vida digna a tota persona. I \u00e9s [&hellip;]<\/p>\n","protected":false},"featured_media":0,"menu_order":0,"template":"","coleccio-arpilleres-autor":[1247],"coleccio-arpilleres-grup":[1595],"class_list":["post-50429","coleccio-arpilleres","type-coleccio-arpilleres","status-publish","hentry","coleccio-arpilleres-autor-collectiva","coleccio-arpilleres-grup-grup-darpilleres-2"],"_links":{"self":[{"href":"https:\/\/fundacioateneusantroc.org\/es\/wp-json\/wp\/v2\/coleccio-arpilleres\/50429","targetHints":{"allow":["GET"]}}],"collection":[{"href":"https:\/\/fundacioateneusantroc.org\/es\/wp-json\/wp\/v2\/coleccio-arpilleres"}],"about":[{"href":"https:\/\/fundacioateneusantroc.org\/es\/wp-json\/wp\/v2\/types\/coleccio-arpilleres"}],"version-history":[{"count":2,"href":"https:\/\/fundacioateneusantroc.org\/es\/wp-json\/wp\/v2\/coleccio-arpilleres\/50429\/revisions"}],"predecessor-version":[{"id":51961,"href":"https:\/\/fundacioateneusantroc.org\/es\/wp-json\/wp\/v2\/coleccio-arpilleres\/50429\/revisions\/51961"}],"wp:attachment":[{"href":"https:\/\/fundacioateneusantroc.org\/es\/wp-json\/wp\/v2\/media?parent=50429"}],"wp:term":[{"taxonomy":"coleccio-arpilleres-autor","embeddable":true,"href":"https:\/\/fundacioateneusantroc.org\/es\/wp-json\/wp\/v2\/coleccio-arpilleres-autor?post=50429"},{"taxonomy":"coleccio-arpilleres-grup","embeddable":true,"href":"https:\/\/fundacioateneusantroc.org\/es\/wp-json\/wp\/v2\/coleccio-arpilleres-grup?post=50429"}],"curies":[{"name":"wp","href":"https:\/\/api.w.org\/{rel}","templated":true}]}}

L&#8217;obligació de l&#8217;Estat

<p>Els drets humans es van definir per garantir una vida digna a tota persona. I és obligació de l&#8217;estat vetllar per l&#8217;acompliment de tots i cadascun d&#8217;ells. Llavors, per què hem de sortir al carrer a reclamar, a lluitar, a reivindicar? Per què el nostre estat de benestar està en perill amb tantes retallades?</p>



<p>Són els nostres dirigents els qui han de fer de paraigües, i protegir-nos, i vetllar perquè tots i cadascun dels ciutadans d&#8217;aquest món vegin respectat els seus drets. Mentre això no sigui realitat&#8230; continuarem amb la lluita.</p>

<p>Els drets humans es van definir per garantir una vida digna a tota persona. I és [&hellip;]</p>
