{"id":50430,"date":"2022-01-13T14:04:24","date_gmt":"2022-01-13T13:04:24","guid":{"rendered":"https:\/\/fundacioateneusantroc.org\/coleccions\/defensem-una-vida-digna\/"},"modified":"2024-10-30T15:51:41","modified_gmt":"2024-10-30T14:51:41","slug":"defensem-una-vida-digna","status":"publish","type":"coleccio-arpilleres","link":"https:\/\/fundacioateneusantroc.org\/es\/coleccions\/defensem-una-vida-digna\/","title":{"rendered":"Defensem una vida digna"},"content":{"rendered":"\n<p>Les persones actuem pac\u00edficament en la defensa dels nostres drets: una illa que es veu amena\u00e7ada per les retallades en educaci\u00f3, sanitat, assist\u00e8ncia social&#8230;<\/p>\n\n\n\n<p>Alhora assumim el nostre comprom\u00eds de mantenir i fer cr\u00e9ixer aquests drets per a tots.<\/p>\n","protected":false},"excerpt":{"rendered":"<p>Les persones actuem pac\u00edficament en la defensa dels nostres drets: una illa que es veu amena\u00e7ada [&hellip;]<\/p>\n","protected":false},"featured_media":0,"menu_order":0,"template":"","coleccio-arpilleres-autor":[1247],"coleccio-arpilleres-grup":[1595],"class_list":["post-50430","coleccio-arpilleres","type-coleccio-arpilleres","status-publish","hentry","coleccio-arpilleres-autor-collectiva","coleccio-arpilleres-grup-grup-darpilleres-2"],"_links":{"self":[{"href":"https:\/\/fundacioateneusantroc.org\/es\/wp-json\/wp\/v2\/coleccio-arpilleres\/50430","targetHints":{"allow":["GET"]}}],"collection":[{"href":"https:\/\/fundacioateneusantroc.org\/es\/wp-json\/wp\/v2\/coleccio-arpilleres"}],"about":[{"href":"https:\/\/fundacioateneusantroc.org\/es\/wp-json\/wp\/v2\/types\/coleccio-arpilleres"}],"version-history":[{"count":2,"href":"https:\/\/fundacioateneusantroc.org\/es\/wp-json\/wp\/v2\/coleccio-arpilleres\/50430\/revisions"}],"predecessor-version":[{"id":66919,"href":"https:\/\/fundacioateneusantroc.org\/es\/wp-json\/wp\/v2\/coleccio-arpilleres\/50430\/revisions\/66919"}],"wp:attachment":[{"href":"https:\/\/fundacioateneusantroc.org\/es\/wp-json\/wp\/v2\/media?parent=50430"}],"wp:term":[{"taxonomy":"coleccio-arpilleres-autor","embeddable":true,"href":"https:\/\/fundacioateneusantroc.org\/es\/wp-json\/wp\/v2\/coleccio-arpilleres-autor?post=50430"},{"taxonomy":"coleccio-arpilleres-grup","embeddable":true,"href":"https:\/\/fundacioateneusantroc.org\/es\/wp-json\/wp\/v2\/coleccio-arpilleres-grup?post=50430"}],"curies":[{"name":"wp","href":"https:\/\/api.w.org\/{rel}","templated":true}]}}

<p>Les persones actuem pacíficament en la defensa dels nostres drets: una illa que es veu amenaçada per les retallades en educació, sanitat, assistència social&#8230;</p>



<p>Alhora assumim el nostre compromís de mantenir i fer créixer aquests drets per a tots.</p>

<p>Les persones actuem pacíficament en la defensa dels nostres drets: una illa que es veu amenaçada [&hellip;]</p>
