{"id":50450,"date":"2022-01-16T14:09:30","date_gmt":"2022-01-16T13:09:30","guid":{"rendered":"https:\/\/fundacioateneusantroc.org\/coleccions\/la-glorieta\/"},"modified":"2023-07-17T11:30:02","modified_gmt":"2023-07-17T09:30:02","slug":"la-glorieta","status":"publish","type":"coleccio-arpilleres","link":"https:\/\/fundacioateneusantroc.org\/es\/coleccions\/la-glorieta\/","title":{"rendered":"La glorieta"},"content":{"rendered":"\n<p>Quan vaig arribar al barri el primer que vaig veure van ser les barraques i la glorieta de la pla\u00e7a Sant Roc.<\/p>\n\n\n\n<p>Aqu\u00ed se celebraven les festes dels barri, els carnavals i les actuacions d\u2019alguns cantants famosos i altres m\u00fasics.<\/p>\n\n\n\n<p>M\u2019ha fet molta il\u00b7lusi\u00f3 elaborar aquesta arpillera, em porta molt bons records de quan els ve\u00efns ens reun\u00edem per ballar i gaudir. Tamb\u00e9 tr\u00e8iem taules i celebr\u00e0vem Sant Joan, compartint.<br>No em va agradar que la traguessin, era un espai molt bo per als ve\u00efns.<\/p>\n","protected":false},"excerpt":{"rendered":"<p>Quan vaig arribar al barri el primer que vaig veure van ser les barraques i la [&hellip;]<\/p>\n","protected":false},"featured_media":0,"menu_order":0,"template":"","coleccio-arpilleres-autor":[1257],"coleccio-arpilleres-grup":[1595],"class_list":["post-50450","coleccio-arpilleres","type-coleccio-arpilleres","status-publish","hentry","coleccio-arpilleres-autor-isabel-garcia","coleccio-arpilleres-grup-grup-darpilleres-2"],"_links":{"self":[{"href":"https:\/\/fundacioateneusantroc.org\/es\/wp-json\/wp\/v2\/coleccio-arpilleres\/50450","targetHints":{"allow":["GET"]}}],"collection":[{"href":"https:\/\/fundacioateneusantroc.org\/es\/wp-json\/wp\/v2\/coleccio-arpilleres"}],"about":[{"href":"https:\/\/fundacioateneusantroc.org\/es\/wp-json\/wp\/v2\/types\/coleccio-arpilleres"}],"version-history":[{"count":2,"href":"https:\/\/fundacioateneusantroc.org\/es\/wp-json\/wp\/v2\/coleccio-arpilleres\/50450\/revisions"}],"predecessor-version":[{"id":52611,"href":"https:\/\/fundacioateneusantroc.org\/es\/wp-json\/wp\/v2\/coleccio-arpilleres\/50450\/revisions\/52611"}],"wp:attachment":[{"href":"https:\/\/fundacioateneusantroc.org\/es\/wp-json\/wp\/v2\/media?parent=50450"}],"wp:term":[{"taxonomy":"coleccio-arpilleres-autor","embeddable":true,"href":"https:\/\/fundacioateneusantroc.org\/es\/wp-json\/wp\/v2\/coleccio-arpilleres-autor?post=50450"},{"taxonomy":"coleccio-arpilleres-grup","embeddable":true,"href":"https:\/\/fundacioateneusantroc.org\/es\/wp-json\/wp\/v2\/coleccio-arpilleres-grup?post=50450"}],"curies":[{"name":"wp","href":"https:\/\/api.w.org\/{rel}","templated":true}]}}

<p>Quan vaig arribar al barri el primer que vaig veure van ser les barraques i la glorieta de la plaça Sant Roc.</p>



<p>Aquí se celebraven les festes dels barri, els carnavals i les actuacions d’alguns cantants famosos i altres músics.</p>



<p>M’ha fet molta il·lusió elaborar aquesta arpillera, em porta molt bons records de quan els veïns ens reuníem per ballar i gaudir. També trèiem taules i celebràvem Sant Joan, compartint.<br>No em va agradar que la traguessin, era un espai molt bo per als veïns.</p>
