{"id":50451,"date":"2022-01-16T14:10:30","date_gmt":"2022-01-16T13:10:30","guid":{"rendered":"https:\/\/fundacioateneusantroc.org\/coleccions\/la-vida-a-vint-i-cinc-metres-del-terra\/"},"modified":"2023-07-17T11:30:02","modified_gmt":"2023-07-17T09:30:02","slug":"la-vida-a-vint-i-cinc-metres-del-terra","status":"publish","type":"coleccio-arpilleres","link":"https:\/\/fundacioateneusantroc.org\/es\/coleccions\/la-vida-a-vint-i-cinc-metres-del-terra\/","title":{"rendered":"La vida a vint-i-cinc metres del terra"},"content":{"rendered":"\n<p>Conec el m\u00f3n des d&#8217;un 10\u00e8 pis del barri de Sant Roc. La vida a 25 m del terra!<br>Al balc\u00f3 de casa vaig fer, segur, les primeres passes; vaig provar els meus primers patins; vaig passar hores comptant cotxes (5 vermells, 10 blancs, 1 groc&#8230;); vaig estudiar els ex\u00e0mens de setembre de la Uni&#8230;<\/p>\n\n\n\n<p>Des del balc\u00f3 espiava els nens de la Cros jugant al seu jard\u00ed. Quina enveja! Hauria volgut c\u00f3rrer amb ells entre la gran palmera i les flors&#8230;<\/p>\n\n\n\n<p>Quan marxaven de casa els cosins, despr\u00e9s d&#8217;una tarda de domin\u00f3, sort\u00edem al balc\u00f3 a dir adeu. Com adeu ens deia la mare quan an\u00e0vem al col\u00b7le&#8230; i encara surt sempre a dir adeu&#8230;<\/p>\n\n\n\n<p>A l&#8217;ombra llarga i geom\u00e8trica del bloc 29, tocant al Congr\u00e9s, he quedat mil vegades amb els amics, a la nostra estimada i espantosa escultura (que ja no hi \u00e9s). I des del balc\u00f3 de casa recordo els crits dels ve\u00efns i les ve\u00efnes. No s\u00e9 qu\u00e8 demanaven, s\u00e9 que eren molts.<\/p>\n\n\n\n<p>Potser reclamaven sem\u00e0fors o una escola p\u00fablica, l&#8217;enllumenat o l&#8217;asfaltatge dels carrers. No s\u00e9&#8230; Nom\u00e9s recordo les seves veus indignades increpant-me: &#8220;Bajad de los balcones&#8221;. I jo, amb 8 o 10 anys, no acabava d&#8217;entendre el que em deien. Ara s\u00ed. Tots aquells que passaven per sota del meu balc\u00f3, i els que van baixar i es van afegir a la manifestaci\u00f3, tots ells, plegats, van aconseguir millores pel barri. Va ser la lluita per un Sant Roc m\u00e9s digne.<\/p>\n","protected":false},"excerpt":{"rendered":"<p>Conec el m\u00f3n des d&#8217;un 10\u00e8 pis del barri de Sant Roc. La vida a 25 [&hellip;]<\/p>\n","protected":false},"featured_media":0,"menu_order":0,"template":"","coleccio-arpilleres-autor":[1591],"coleccio-arpilleres-grup":[1595],"class_list":["post-50451","coleccio-arpilleres","type-coleccio-arpilleres","status-publish","hentry","coleccio-arpilleres-autor-pilar-lopez","coleccio-arpilleres-grup-grup-darpilleres-2"],"_links":{"self":[{"href":"https:\/\/fundacioateneusantroc.org\/es\/wp-json\/wp\/v2\/coleccio-arpilleres\/50451","targetHints":{"allow":["GET"]}}],"collection":[{"href":"https:\/\/fundacioateneusantroc.org\/es\/wp-json\/wp\/v2\/coleccio-arpilleres"}],"about":[{"href":"https:\/\/fundacioateneusantroc.org\/es\/wp-json\/wp\/v2\/types\/coleccio-arpilleres"}],"version-history":[{"count":2,"href":"https:\/\/fundacioateneusantroc.org\/es\/wp-json\/wp\/v2\/coleccio-arpilleres\/50451\/revisions"}],"predecessor-version":[{"id":52610,"href":"https:\/\/fundacioateneusantroc.org\/es\/wp-json\/wp\/v2\/coleccio-arpilleres\/50451\/revisions\/52610"}],"wp:attachment":[{"href":"https:\/\/fundacioateneusantroc.org\/es\/wp-json\/wp\/v2\/media?parent=50451"}],"wp:term":[{"taxonomy":"coleccio-arpilleres-autor","embeddable":true,"href":"https:\/\/fundacioateneusantroc.org\/es\/wp-json\/wp\/v2\/coleccio-arpilleres-autor?post=50451"},{"taxonomy":"coleccio-arpilleres-grup","embeddable":true,"href":"https:\/\/fundacioateneusantroc.org\/es\/wp-json\/wp\/v2\/coleccio-arpilleres-grup?post=50451"}],"curies":[{"name":"wp","href":"https:\/\/api.w.org\/{rel}","templated":true}]}}

<p>Conec el món des d&#8217;un 10è pis del barri de Sant Roc. La vida a 25 m del terra!<br>Al balcó de casa vaig fer, segur, les primeres passes; vaig provar els meus primers patins; vaig passar hores comptant cotxes (5 vermells, 10 blancs, 1 groc&#8230;); vaig estudiar els exàmens de setembre de la Uni&#8230;</p>



<p>Des del balcó espiava els nens de la Cros jugant al seu jardí. Quina enveja! Hauria volgut córrer amb ells entre la gran palmera i les flors&#8230;</p>



<p>Quan marxaven de casa els cosins, després d&#8217;una tarda de dominó, sortíem al balcó a dir adeu. Com adeu ens deia la mare quan anàvem al col·le&#8230; i encara surt sempre a dir adeu&#8230;</p>



<p>A l&#8217;ombra llarga i geomètrica del bloc 29, tocant al Congrés, he quedat mil vegades amb els amics, a la nostra estimada i espantosa escultura (que ja no hi és). I des del balcó de casa recordo els crits dels veïns i les veïnes. No sé què demanaven, sé que eren molts.</p>



<p>Potser reclamaven semàfors o una escola pública, l&#8217;enllumenat o l&#8217;asfaltatge dels carrers. No sé&#8230; Només recordo les seves veus indignades increpant-me: &#8220;Bajad de los balcones&#8221;. I jo, amb 8 o 10 anys, no acabava d&#8217;entendre el que em deien. Ara sí. Tots aquells que passaven per sota del meu balcó, i els que van baixar i es van afegir a la manifestació, tots ells, plegats, van aconseguir millores pel barri. Va ser la lluita per un Sant Roc més digne.</p>

<p>Conec el món des d&#8217;un 10è pis del barri de Sant Roc. La vida a 25 [&hellip;]</p>
