{"id":50453,"date":"2022-01-16T14:12:31","date_gmt":"2022-01-16T13:12:31","guid":{"rendered":"https:\/\/fundacioateneusantroc.org\/coleccions\/records-que-tinc-molt-presents\/"},"modified":"2023-07-17T11:30:02","modified_gmt":"2023-07-17T09:30:02","slug":"records-que-tinc-molt-presents","status":"publish","type":"coleccio-arpilleres","link":"https:\/\/fundacioateneusantroc.org\/es\/coleccions\/records-que-tinc-molt-presents\/","title":{"rendered":"Records que tinc molt presents"},"content":{"rendered":"\n<p>Arribem a Badalona el 1963 a uns barracons d&#8217;uralita. Tot eren camps i el lloc no tenia nom, per\u00f2 al cap de poc van comen\u00e7ar a construir pisos en els terrenys del costat.<\/p>\n\n\n\n<p>Era l&#8217;any 1966, als meus pares els va tocar el 5\u00e8 2a del bloc 106. Els blocs tenien nombre i els carrers no tenien nom. En els pisos no hi havia llum ni aigua, per\u00f2 quina alegria, ja ten\u00edem pis!<\/p>\n\n\n\n<p>Amb el temps ens vam adonar de les mancances del barri i va comen\u00e7ar la lluita ve\u00efnal. Avui, el 2016, continuem reivindicant la millora del barri.<\/p>\n","protected":false},"excerpt":{"rendered":"<p>Arribem a Badalona el 1963 a uns barracons d&#8217;uralita. Tot eren camps i el lloc no [&hellip;]<\/p>\n","protected":false},"featured_media":0,"menu_order":0,"template":"","coleccio-arpilleres-autor":[1213],"coleccio-arpilleres-grup":[1595],"class_list":["post-50453","coleccio-arpilleres","type-coleccio-arpilleres","status-publish","hentry","coleccio-arpilleres-autor-antonia-amador","coleccio-arpilleres-grup-grup-darpilleres-2"],"_links":{"self":[{"href":"https:\/\/fundacioateneusantroc.org\/es\/wp-json\/wp\/v2\/coleccio-arpilleres\/50453","targetHints":{"allow":["GET"]}}],"collection":[{"href":"https:\/\/fundacioateneusantroc.org\/es\/wp-json\/wp\/v2\/coleccio-arpilleres"}],"about":[{"href":"https:\/\/fundacioateneusantroc.org\/es\/wp-json\/wp\/v2\/types\/coleccio-arpilleres"}],"version-history":[{"count":2,"href":"https:\/\/fundacioateneusantroc.org\/es\/wp-json\/wp\/v2\/coleccio-arpilleres\/50453\/revisions"}],"predecessor-version":[{"id":52609,"href":"https:\/\/fundacioateneusantroc.org\/es\/wp-json\/wp\/v2\/coleccio-arpilleres\/50453\/revisions\/52609"}],"wp:attachment":[{"href":"https:\/\/fundacioateneusantroc.org\/es\/wp-json\/wp\/v2\/media?parent=50453"}],"wp:term":[{"taxonomy":"coleccio-arpilleres-autor","embeddable":true,"href":"https:\/\/fundacioateneusantroc.org\/es\/wp-json\/wp\/v2\/coleccio-arpilleres-autor?post=50453"},{"taxonomy":"coleccio-arpilleres-grup","embeddable":true,"href":"https:\/\/fundacioateneusantroc.org\/es\/wp-json\/wp\/v2\/coleccio-arpilleres-grup?post=50453"}],"curies":[{"name":"wp","href":"https:\/\/api.w.org\/{rel}","templated":true}]}}

<p>Arribem a Badalona el 1963 a uns barracons d&#8217;uralita. Tot eren camps i el lloc no tenia nom, però al cap de poc van començar a construir pisos en els terrenys del costat.</p>



<p>Era l&#8217;any 1966, als meus pares els va tocar el 5è 2a del bloc 106. Els blocs tenien nombre i els carrers no tenien nom. En els pisos no hi havia llum ni aigua, però quina alegria, ja teníem pis!</p>



<p>Amb el temps ens vam adonar de les mancances del barri i va començar la lluita veïnal. Avui, el 2016, continuem reivindicant la millora del barri.</p>
