{"id":50456,"date":"2022-01-16T14:15:31","date_gmt":"2022-01-16T13:15:31","guid":{"rendered":"https:\/\/fundacioateneusantroc.org\/coleccions\/visca-sant-roc\/"},"modified":"2026-02-05T07:07:35","modified_gmt":"2026-02-05T06:07:35","slug":"visca-sant-roc","status":"publish","type":"coleccio-arpilleres","link":"https:\/\/fundacioateneusantroc.org\/es\/coleccions\/visca-sant-roc\/","title":{"rendered":"Visca Sant Roc!"},"content":{"rendered":"<p>Aquesta arpillera compartida \u00e9s el record de quan vam venir a viure a Sant Roc. Vam venir amb molta il\u00b7lusi\u00f3, el barri ha millorat molt, per\u00f2 ha de millorar m\u00e9s.<br \/>\nAquesta arpillera reflecteix els blocs on vivim nosaltres i els contenidors de reciclatge.<br \/>\nEns sentim felices al barri i aqu\u00ed van n\u00e9ixer els nostres fills.<\/p>\n","protected":false},"excerpt":{"rendered":"<p>Aquesta arpillera compartida \u00e9s el record de quan vam venir a viure a Sant Roc. Vam [&hellip;]<\/p>\n","protected":false},"featured_media":0,"menu_order":0,"template":"","coleccio-arpilleres-autor":[1232,1199],"coleccio-arpilleres-grup":[1595],"class_list":["post-50456","coleccio-arpilleres","type-coleccio-arpilleres","status-publish","hentry","coleccio-arpilleres-autor-balbina-herrero","coleccio-arpilleres-autor-loli-lopez","coleccio-arpilleres-grup-grup-darpilleres-2"],"_links":{"self":[{"href":"https:\/\/fundacioateneusantroc.org\/es\/wp-json\/wp\/v2\/coleccio-arpilleres\/50456","targetHints":{"allow":["GET"]}}],"collection":[{"href":"https:\/\/fundacioateneusantroc.org\/es\/wp-json\/wp\/v2\/coleccio-arpilleres"}],"about":[{"href":"https:\/\/fundacioateneusantroc.org\/es\/wp-json\/wp\/v2\/types\/coleccio-arpilleres"}],"version-history":[{"count":1,"href":"https:\/\/fundacioateneusantroc.org\/es\/wp-json\/wp\/v2\/coleccio-arpilleres\/50456\/revisions"}],"predecessor-version":[{"id":51615,"href":"https:\/\/fundacioateneusantroc.org\/es\/wp-json\/wp\/v2\/coleccio-arpilleres\/50456\/revisions\/51615"}],"wp:attachment":[{"href":"https:\/\/fundacioateneusantroc.org\/es\/wp-json\/wp\/v2\/media?parent=50456"}],"wp:term":[{"taxonomy":"coleccio-arpilleres-autor","embeddable":true,"href":"https:\/\/fundacioateneusantroc.org\/es\/wp-json\/wp\/v2\/coleccio-arpilleres-autor?post=50456"},{"taxonomy":"coleccio-arpilleres-grup","embeddable":true,"href":"https:\/\/fundacioateneusantroc.org\/es\/wp-json\/wp\/v2\/coleccio-arpilleres-grup?post=50456"}],"curies":[{"name":"wp","href":"https:\/\/api.w.org\/{rel}","templated":true}]}}

<p>Aquesta arpillera compartida és el record de quan vam venir a viure a Sant Roc. Vam venir amb molta il·lusió, el barri ha millorat molt, però ha de millorar més.<br />
Aquesta arpillera reflecteix els blocs on vivim nosaltres i els contenidors de reciclatge.<br />
Ens sentim felices al barri i aquí van néixer els nostres fills.</p>

<p>Aquesta arpillera compartida és el record de quan vam venir a viure a Sant Roc. Vam [&hellip;]</p>
