{"id":50459,"date":"2022-01-17T14:03:33","date_gmt":"2022-01-17T13:03:33","guid":{"rendered":"https:\/\/fundacioateneusantroc.org\/coleccions\/carregar-amb-la-vida\/"},"modified":"2023-07-17T11:30:01","modified_gmt":"2023-07-17T09:30:01","slug":"carregar-amb-la-vida","status":"publish","type":"coleccio-arpilleres","link":"https:\/\/fundacioateneusantroc.org\/es\/coleccions\/carregar-amb-la-vida\/","title":{"rendered":"Carregar amb la vida"},"content":{"rendered":"<p>Quan fugen de les guerres no nom\u00e9s carreguen amb el poc que poden, tamb\u00e9 carreguen amb les pors, la r\u00e0bia, les injust\u00edcies&#8230;<br \/>\nCarreguen amb els seus fills i amb els seus grans amb l\u2019esperan\u00e7a de donar-los una vida digna, i durant el cam\u00ed, tamb\u00e9 carreguen amb dificultats i dubtes sense saber en quin indret els acolliran.<\/p>\n","protected":false},"excerpt":{"rendered":"<p>Quan fugen de les guerres no nom\u00e9s carreguen amb el poc que poden, tamb\u00e9 carreguen amb [&hellip;]<\/p>\n","protected":false},"featured_media":0,"menu_order":0,"template":"","coleccio-arpilleres-autor":[1199],"coleccio-arpilleres-grup":[1595],"class_list":["post-50459","coleccio-arpilleres","type-coleccio-arpilleres","status-publish","hentry","coleccio-arpilleres-autor-loli-lopez","coleccio-arpilleres-grup-grup-darpilleres-2"],"_links":{"self":[{"href":"https:\/\/fundacioateneusantroc.org\/es\/wp-json\/wp\/v2\/coleccio-arpilleres\/50459","targetHints":{"allow":["GET"]}}],"collection":[{"href":"https:\/\/fundacioateneusantroc.org\/es\/wp-json\/wp\/v2\/coleccio-arpilleres"}],"about":[{"href":"https:\/\/fundacioateneusantroc.org\/es\/wp-json\/wp\/v2\/types\/coleccio-arpilleres"}],"version-history":[{"count":1,"href":"https:\/\/fundacioateneusantroc.org\/es\/wp-json\/wp\/v2\/coleccio-arpilleres\/50459\/revisions"}],"predecessor-version":[{"id":51612,"href":"https:\/\/fundacioateneusantroc.org\/es\/wp-json\/wp\/v2\/coleccio-arpilleres\/50459\/revisions\/51612"}],"wp:attachment":[{"href":"https:\/\/fundacioateneusantroc.org\/es\/wp-json\/wp\/v2\/media?parent=50459"}],"wp:term":[{"taxonomy":"coleccio-arpilleres-autor","embeddable":true,"href":"https:\/\/fundacioateneusantroc.org\/es\/wp-json\/wp\/v2\/coleccio-arpilleres-autor?post=50459"},{"taxonomy":"coleccio-arpilleres-grup","embeddable":true,"href":"https:\/\/fundacioateneusantroc.org\/es\/wp-json\/wp\/v2\/coleccio-arpilleres-grup?post=50459"}],"curies":[{"name":"wp","href":"https:\/\/api.w.org\/{rel}","templated":true}]}}

<p>Quan fugen de les guerres no només carreguen amb el poc que poden, també carreguen amb les pors, la ràbia, les injustícies&#8230;<br />
Carreguen amb els seus fills i amb els seus grans amb l’esperança de donar-los una vida digna, i durant el camí, també carreguen amb dificultats i dubtes sense saber en quin indret els acolliran.</p>

<p>Quan fugen de les guerres no només carreguen amb el poc que poden, també carreguen amb [&hellip;]</p>
