{"id":50488,"date":"2022-01-20T14:01:41","date_gmt":"2022-01-20T13:01:41","guid":{"rendered":"https:\/\/fundacioateneusantroc.org\/coleccions\/agraiment\/"},"modified":"2023-07-17T11:29:22","modified_gmt":"2023-07-17T09:29:22","slug":"agraiment","status":"publish","type":"coleccio-arpilleres","link":"https:\/\/fundacioateneusantroc.org\/es\/coleccions\/agraiment\/","title":{"rendered":"Agra\u00efment"},"content":{"rendered":"<p>Va arribar de Wuhan, a l&#8217;igual, que segons diuen la covid-19. Ells van comen\u00e7ar l&#8217;agra\u00efment als seus sanitaris. Tamb\u00e9 ho van sentir aix\u00ed els italians, agrair la tasca dels professionals de la sanitat i dels serveis b\u00e0sics.<br \/>\nAquesta reacci\u00f3 del poble es va estendre per m\u00e9s de mitja Europa i mig m\u00f3n.<br \/>\nEst\u00e0vem confinats &#8220;tancats&#8221; a les nostres llars i vam trobar la forma d&#8217;agrair a aquestes persones que seguien al peu del can\u00f3: als hospitals, transports, botigues d&#8217;alimentaci\u00f3, farm\u00e0cies, neteja&#8230;<br \/>\nEren uns pocs minuts per agrair.<br \/>\nEn sortir a la balconada, descobr\u00edem les cares de ve\u00efns que no hav\u00edem vist mai, i a les vuit, entre aplaudiments, ens f\u00e8iem un gest.<\/p>\n","protected":false},"excerpt":{"rendered":"<p>Va arribar de Wuhan, a l&#8217;igual, que segons diuen la covid-19. Ells van comen\u00e7ar l&#8217;agra\u00efment als [&hellip;]<\/p>\n","protected":false},"featured_media":0,"menu_order":0,"template":"","coleccio-arpilleres-autor":[1268],"coleccio-arpilleres-grup":[1595],"class_list":["post-50488","coleccio-arpilleres","type-coleccio-arpilleres","status-publish","hentry","coleccio-arpilleres-autor-merce-monge","coleccio-arpilleres-grup-grup-darpilleres-2"],"_links":{"self":[{"href":"https:\/\/fundacioateneusantroc.org\/es\/wp-json\/wp\/v2\/coleccio-arpilleres\/50488","targetHints":{"allow":["GET"]}}],"collection":[{"href":"https:\/\/fundacioateneusantroc.org\/es\/wp-json\/wp\/v2\/coleccio-arpilleres"}],"about":[{"href":"https:\/\/fundacioateneusantroc.org\/es\/wp-json\/wp\/v2\/types\/coleccio-arpilleres"}],"version-history":[{"count":1,"href":"https:\/\/fundacioateneusantroc.org\/es\/wp-json\/wp\/v2\/coleccio-arpilleres\/50488\/revisions"}],"predecessor-version":[{"id":51648,"href":"https:\/\/fundacioateneusantroc.org\/es\/wp-json\/wp\/v2\/coleccio-arpilleres\/50488\/revisions\/51648"}],"wp:attachment":[{"href":"https:\/\/fundacioateneusantroc.org\/es\/wp-json\/wp\/v2\/media?parent=50488"}],"wp:term":[{"taxonomy":"coleccio-arpilleres-autor","embeddable":true,"href":"https:\/\/fundacioateneusantroc.org\/es\/wp-json\/wp\/v2\/coleccio-arpilleres-autor?post=50488"},{"taxonomy":"coleccio-arpilleres-grup","embeddable":true,"href":"https:\/\/fundacioateneusantroc.org\/es\/wp-json\/wp\/v2\/coleccio-arpilleres-grup?post=50488"}],"curies":[{"name":"wp","href":"https:\/\/api.w.org\/{rel}","templated":true}]}}

Agraïment

<p>Va arribar de Wuhan, a l&#8217;igual, que segons diuen la covid-19. Ells van començar l&#8217;agraïment als seus sanitaris. També ho van sentir així els italians, agrair la tasca dels professionals de la sanitat i dels serveis bàsics.<br />
Aquesta reacció del poble es va estendre per més de mitja Europa i mig món.<br />
Estàvem confinats &#8220;tancats&#8221; a les nostres llars i vam trobar la forma d&#8217;agrair a aquestes persones que seguien al peu del canó: als hospitals, transports, botigues d&#8217;alimentació, farmàcies, neteja&#8230;<br />
Eren uns pocs minuts per agrair.<br />
En sortir a la balconada, descobríem les cares de veïns que no havíem vist mai, i a les vuit, entre aplaudiments, ens fèiem un gest.</p>

<p>Va arribar de Wuhan, a l&#8217;igual, que segons diuen la covid-19. Ells van començar l&#8217;agraïment als [&hellip;]</p>
