{"id":50490,"date":"2022-01-20T14:03:41","date_gmt":"2022-01-20T13:03:41","guid":{"rendered":"https:\/\/fundacioateneusantroc.org\/coleccions\/confinament-i-pandemia\/"},"modified":"2023-07-17T11:29:22","modified_gmt":"2023-07-17T09:29:22","slug":"confinament-i-pandemia","status":"publish","type":"coleccio-arpilleres","link":"https:\/\/fundacioateneusantroc.org\/es\/coleccions\/confinament-i-pandemia\/","title":{"rendered":"Confinament i pand\u00e8mia"},"content":{"rendered":"<p>El 13 de mar\u00e7 de 2020 vam posar rumb al que cr\u00e8iem era un confinament a casa per a 15 dies, ning\u00fa no ens havia preparat per a passar 99 dies entre confinament total, parcial, fases de desescalada, nova normalitat i estat de represa. Ning\u00fa mai va imaginar que el m\u00f3n es podia parar. No ha estat f\u00e0cil. Ens va tocar posar-nos horaris per al dia a dia: teletreballar, cuinar, netejar, activitat f\u00edsica, video calls amb fam\u00edlia i amics, hobbies, atendre nens i nenes i sobretot informar-nos d&#8217;aquesta estranya pand\u00e8mia per coronavirus. Pel cam\u00ed es van quedar el meu viatge al Senegal, les vacances de Setmana Santa, un cap de setmana a Cieza entre cirerers florits, molts partits de p\u00e0del, tardes d&#8217;arpilleres, sopars amb amics, dinars en fam\u00edlia&#8230;<br \/>\nI el m\u00e9s trist, la mort del meu germ\u00e0 Sergio el 19 de maig despr\u00e9s de lluitar aferrissadament contra un c\u00e0ncer. Dies dif\u00edcils i complicats, mai vam valorar tant la llibertat de fer all\u00f2 que vols, quan vols i a on vols. Els dies van anar passant, mirar i pensar en les persones de prop i de lluny que estimes, mirar i pensar que tot passar\u00e0, mirar i pensar que ens en sortirem. I la Marina mirava i remirava a la nostra terrassa, el nostre petit espai per a agafar aire i respirar fort. Diuen que hi haur\u00e0 rebrots, diuen que potser tornarem a confinar-nos, per\u00f2 passi el que passi ara ja sabem que el m\u00f3n es pot parar.<\/p>\n","protected":false},"excerpt":{"rendered":"<p>El 13 de mar\u00e7 de 2020 vam posar rumb al que cr\u00e8iem era un confinament a [&hellip;]<\/p>\n","protected":false},"featured_media":0,"menu_order":0,"template":"","coleccio-arpilleres-autor":[1256],"coleccio-arpilleres-grup":[1595],"class_list":["post-50490","coleccio-arpilleres","type-coleccio-arpilleres","status-publish","hentry","coleccio-arpilleres-autor-monica-moro","coleccio-arpilleres-grup-grup-darpilleres-2"],"_links":{"self":[{"href":"https:\/\/fundacioateneusantroc.org\/es\/wp-json\/wp\/v2\/coleccio-arpilleres\/50490","targetHints":{"allow":["GET"]}}],"collection":[{"href":"https:\/\/fundacioateneusantroc.org\/es\/wp-json\/wp\/v2\/coleccio-arpilleres"}],"about":[{"href":"https:\/\/fundacioateneusantroc.org\/es\/wp-json\/wp\/v2\/types\/coleccio-arpilleres"}],"version-history":[{"count":1,"href":"https:\/\/fundacioateneusantroc.org\/es\/wp-json\/wp\/v2\/coleccio-arpilleres\/50490\/revisions"}],"predecessor-version":[{"id":51649,"href":"https:\/\/fundacioateneusantroc.org\/es\/wp-json\/wp\/v2\/coleccio-arpilleres\/50490\/revisions\/51649"}],"wp:attachment":[{"href":"https:\/\/fundacioateneusantroc.org\/es\/wp-json\/wp\/v2\/media?parent=50490"}],"wp:term":[{"taxonomy":"coleccio-arpilleres-autor","embeddable":true,"href":"https:\/\/fundacioateneusantroc.org\/es\/wp-json\/wp\/v2\/coleccio-arpilleres-autor?post=50490"},{"taxonomy":"coleccio-arpilleres-grup","embeddable":true,"href":"https:\/\/fundacioateneusantroc.org\/es\/wp-json\/wp\/v2\/coleccio-arpilleres-grup?post=50490"}],"curies":[{"name":"wp","href":"https:\/\/api.w.org\/{rel}","templated":true}]}}

Confinament i pandèmia

<p>El 13 de març de 2020 vam posar rumb al que crèiem era un confinament a casa per a 15 dies, ningú no ens havia preparat per a passar 99 dies entre confinament total, parcial, fases de desescalada, nova normalitat i estat de represa. Ningú mai va imaginar que el món es podia parar. No ha estat fàcil. Ens va tocar posar-nos horaris per al dia a dia: teletreballar, cuinar, netejar, activitat física, video calls amb família i amics, hobbies, atendre nens i nenes i sobretot informar-nos d&#8217;aquesta estranya pandèmia per coronavirus. Pel camí es van quedar el meu viatge al Senegal, les vacances de Setmana Santa, un cap de setmana a Cieza entre cirerers florits, molts partits de pàdel, tardes d&#8217;arpilleres, sopars amb amics, dinars en família&#8230;<br />
I el més trist, la mort del meu germà Sergio el 19 de maig després de lluitar aferrissadament contra un càncer. Dies difícils i complicats, mai vam valorar tant la llibertat de fer allò que vols, quan vols i a on vols. Els dies van anar passant, mirar i pensar en les persones de prop i de lluny que estimes, mirar i pensar que tot passarà, mirar i pensar que ens en sortirem. I la Marina mirava i remirava a la nostra terrassa, el nostre petit espai per a agafar aire i respirar fort. Diuen que hi haurà rebrots, diuen que potser tornarem a confinar-nos, però passi el que passi ara ja sabem que el món es pot parar.</p>

<p>El 13 de març de 2020 vam posar rumb al que crèiem era un confinament a [&hellip;]</p>
