{"id":50495,"date":"2022-01-20T14:08:42","date_gmt":"2022-01-20T13:08:42","guid":{"rendered":"https:\/\/fundacioateneusantroc.org\/coleccions\/incertesa\/"},"modified":"2023-07-17T11:29:22","modified_gmt":"2023-07-17T09:29:22","slug":"incertesa","status":"publish","type":"coleccio-arpilleres","link":"https:\/\/fundacioateneusantroc.org\/es\/coleccions\/incertesa\/","title":{"rendered":"Incertesa"},"content":{"rendered":"\n<p>El 13 de mar\u00e7 de 2020 vam escoltar per primera vegada la paraula que des d\u2019aleshores ens han repetit mil i una vegades: CONFINAMENT!!!!<\/p>\n\n\n\n<p>Vam ser 99 dies \u201ca casa,\u201d molt de temps per a pujar i baixar per una llarga i empinada muntanya russa d\u2019emocions. A mi, la que m\u00e9s em va colpir va ser la INCERTESA, incertesa pel que passaria, incertesa pel temps que an\u00e0vem a passar en confinament, incertesa per si ens posar\u00edem malalts i\u00a0malaltes, incertesa per com seria l\u2019endem\u00e0, incertesa per recuperar o no recuperar el que ten\u00edem abans.<\/p>\n\n\n\n<p>Aquesta petita arpillera, en forma de n\u00favol de tags (en honor a la pand\u00e8mia digital) recull els 10 sentiments (pena, nost\u00e0lgia, soledat, silenci, incertesa, r\u00e0bia, respecte, amistat, amor i por) pels que vaig anar saltant tot aquell temps, els m\u00e9s grans m\u00e9s sovint, els m\u00e9s petits de tant en tant. I s\u00ed, un n\u00favol blanc a sobre d\u2019un cel blau com cantava LLu\u00eds Llach.<\/p>\n","protected":false},"excerpt":{"rendered":"<p>El 13 de mar\u00e7 de 2020 vam escoltar per primera vegada la paraula que des d\u2019aleshores [&hellip;]<\/p>\n","protected":false},"featured_media":0,"menu_order":0,"template":"","coleccio-arpilleres-autor":[1256],"coleccio-arpilleres-grup":[1595],"class_list":["post-50495","coleccio-arpilleres","type-coleccio-arpilleres","status-publish","hentry","coleccio-arpilleres-autor-monica-moro","coleccio-arpilleres-grup-grup-darpilleres-2"],"_links":{"self":[{"href":"https:\/\/fundacioateneusantroc.org\/es\/wp-json\/wp\/v2\/coleccio-arpilleres\/50495","targetHints":{"allow":["GET"]}}],"collection":[{"href":"https:\/\/fundacioateneusantroc.org\/es\/wp-json\/wp\/v2\/coleccio-arpilleres"}],"about":[{"href":"https:\/\/fundacioateneusantroc.org\/es\/wp-json\/wp\/v2\/types\/coleccio-arpilleres"}],"version-history":[{"count":2,"href":"https:\/\/fundacioateneusantroc.org\/es\/wp-json\/wp\/v2\/coleccio-arpilleres\/50495\/revisions"}],"predecessor-version":[{"id":52141,"href":"https:\/\/fundacioateneusantroc.org\/es\/wp-json\/wp\/v2\/coleccio-arpilleres\/50495\/revisions\/52141"}],"wp:attachment":[{"href":"https:\/\/fundacioateneusantroc.org\/es\/wp-json\/wp\/v2\/media?parent=50495"}],"wp:term":[{"taxonomy":"coleccio-arpilleres-autor","embeddable":true,"href":"https:\/\/fundacioateneusantroc.org\/es\/wp-json\/wp\/v2\/coleccio-arpilleres-autor?post=50495"},{"taxonomy":"coleccio-arpilleres-grup","embeddable":true,"href":"https:\/\/fundacioateneusantroc.org\/es\/wp-json\/wp\/v2\/coleccio-arpilleres-grup?post=50495"}],"curies":[{"name":"wp","href":"https:\/\/api.w.org\/{rel}","templated":true}]}}

<p>El 13 de març de 2020 vam escoltar per primera vegada la paraula que des d’aleshores ens han repetit mil i una vegades: CONFINAMENT!!!!</p>



<p>Vam ser 99 dies “a casa,” molt de temps per a pujar i baixar per una llarga i empinada muntanya russa d’emocions. A mi, la que més em va colpir va ser la INCERTESA, incertesa pel que passaria, incertesa pel temps que anàvem a passar en confinament, incertesa per si ens posaríem malalts i malaltes, incertesa per com seria l’endemà, incertesa per recuperar o no recuperar el que teníem abans.</p>



<p>Aquesta petita arpillera, en forma de núvol de tags (en honor a la pandèmia digital) recull els 10 sentiments (pena, nostàlgia, soledat, silenci, incertesa, ràbia, respecte, amistat, amor i por) pels que vaig anar saltant tot aquell temps, els més grans més sovint, els més petits de tant en tant. I sí, un núvol blanc a sobre d’un cel blau com cantava LLuís Llach.</p>

<p>El 13 de març de 2020 vam escoltar per primera vegada la paraula que des d’aleshores [&hellip;]</p>
