{"id":57528,"date":"2022-01-18T14:02:38","date_gmt":"2022-01-18T13:02:38","guid":{"rendered":"https:\/\/fundacioateneusantroc.org\/coleccions\/8-de-marzo\/"},"modified":"2025-05-01T10:55:18","modified_gmt":"2025-05-01T08:55:18","slug":"8-de-marzo","status":"publish","type":"coleccio-arpilleres","link":"https:\/\/fundacioateneusantroc.org\/es\/coleccions\/8-de-marzo\/","title":{"rendered":"8 de marzo"},"content":{"rendered":"\n<p>El 5 de marzo de 1908, 129 trabajadoras de la f\u00e1brica Cotton Textile Factory en Nueva York, murieron quemadas en un incendio que se atribuy\u00f3 al due\u00f1o de la f\u00e1brica.<\/p>\n\n<p>Los propietarios de la f\u00e1brica hab\u00edan encerrado a las trabajadoras para forzarlas a permanecer en el trabajo y no unirse a la huelga.<\/p>\n\n<p>He escogido a estas mujeres porque hice una obra de teatro sobre ellas y me impact\u00f3 mucho que gracias a su lucha por un salario digno y una mejor calidad de vida, hoy somos m\u00e1s libres.<\/p>\n\n<p>He descubierto que este caso tan triste y sus muertes sirvieron de ejemplo para avanzar en nuestros derechos.<\/p>\n","protected":false},"excerpt":{"rendered":"<p>El 5 de marzo de 1908, 129 trabajadoras de la f\u00e1brica Cotton Textile Factory en Nueva [&hellip;]<\/p>\n","protected":false},"featured_media":0,"menu_order":0,"template":"","coleccio-arpilleres-autor":[1238],"coleccio-arpilleres-grup":[1184],"class_list":["post-57528","coleccio-arpilleres","type-coleccio-arpilleres","status-publish","hentry","coleccio-arpilleres-autor-paqui-baez-es","coleccio-arpilleres-grup-grup-darpilleres"],"_links":{"self":[{"href":"https:\/\/fundacioateneusantroc.org\/es\/wp-json\/wp\/v2\/coleccio-arpilleres\/57528","targetHints":{"allow":["GET"]}}],"collection":[{"href":"https:\/\/fundacioateneusantroc.org\/es\/wp-json\/wp\/v2\/coleccio-arpilleres"}],"about":[{"href":"https:\/\/fundacioateneusantroc.org\/es\/wp-json\/wp\/v2\/types\/coleccio-arpilleres"}],"version-history":[{"count":12,"href":"https:\/\/fundacioateneusantroc.org\/es\/wp-json\/wp\/v2\/coleccio-arpilleres\/57528\/revisions"}],"predecessor-version":[{"id":58302,"href":"https:\/\/fundacioateneusantroc.org\/es\/wp-json\/wp\/v2\/coleccio-arpilleres\/57528\/revisions\/58302"}],"wp:attachment":[{"href":"https:\/\/fundacioateneusantroc.org\/es\/wp-json\/wp\/v2\/media?parent=57528"}],"wp:term":[{"taxonomy":"coleccio-arpilleres-autor","embeddable":true,"href":"https:\/\/fundacioateneusantroc.org\/es\/wp-json\/wp\/v2\/coleccio-arpilleres-autor?post=57528"},{"taxonomy":"coleccio-arpilleres-grup","embeddable":true,"href":"https:\/\/fundacioateneusantroc.org\/es\/wp-json\/wp\/v2\/coleccio-arpilleres-grup?post=57528"}],"curies":[{"name":"wp","href":"https:\/\/api.w.org\/{rel}","templated":true}]}}

<p>El 5 de marzo de 1908, 129 trabajadoras de la fábrica Cotton Textile Factory en Nueva York, murieron quemadas en un incendio que se atribuyó al dueño de la fábrica.</p>

<p>Los propietarios de la fábrica habían encerrado a las trabajadoras para forzarlas a permanecer en el trabajo y no unirse a la huelga.</p>

<p>He escogido a estas mujeres porque hice una obra de teatro sobre ellas y me impactó mucho que gracias a su lucha por un salario digno y una mejor calidad de vida, hoy somos más libres.</p>

<p>He descubierto que este caso tan triste y sus muertes sirvieron de ejemplo para avanzar en nuestros derechos.</p>

<p>El 5 de marzo de 1908, 129 trabajadoras de la fábrica Cotton Textile Factory en Nueva [&hellip;]</p>
