{"id":57552,"date":"2022-01-18T14:07:39","date_gmt":"2022-01-18T13:07:39","guid":{"rendered":"https:\/\/fundacioateneusantroc.org\/coleccions\/ni-una-mas\/"},"modified":"2025-05-01T10:51:33","modified_gmt":"2025-05-01T08:51:33","slug":"ni-una-mas","status":"publish","type":"coleccio-arpilleres","link":"https:\/\/fundacioateneusantroc.org\/es\/coleccions\/ni-una-mas\/","title":{"rendered":"Ni una m\u00e1s"},"content":{"rendered":"\n<p>Mi arpillera es un homenaje a las mujeres maltratadas especialmente a Ana Orantes de Granada.<\/p>\n\n<p>Esta mujer, en 1997, denunci\u00f3 en televisi\u00f3n los malos tratos que sufr\u00eda desde hac\u00eda 40 a\u00f1os por parte de su marido. Adem\u00e1s, por orden judicial estaba obligada a seguir con \u00e9l.<\/p>\n\n<p>El marido, como venganza la at\u00f3 a una silla en su casa, la roci\u00f3 con gasolina, la maltrat\u00f3 y la quem\u00f3 delante de su hijo de 14 a\u00f1os, sin poder hacer nada por evitarlo.<\/p>\n\n<p>Despu\u00e9s de 20 a\u00f1os seguimos igual, se matan a las mujeres sin que los gobiernos hagan nada para evitarlo.<\/p>\n","protected":false},"excerpt":{"rendered":"<p>Mi arpillera es un homenaje a las mujeres maltratadas especialmente a Ana Orantes de Granada. Esta [&hellip;]<\/p>\n","protected":false},"featured_media":0,"menu_order":0,"template":"","coleccio-arpilleres-autor":[1618],"coleccio-arpilleres-grup":[1184],"class_list":["post-57552","coleccio-arpilleres","type-coleccio-arpilleres","status-publish","hentry","coleccio-arpilleres-autor-encarna-ortega-es","coleccio-arpilleres-grup-grup-darpilleres"],"_links":{"self":[{"href":"https:\/\/fundacioateneusantroc.org\/es\/wp-json\/wp\/v2\/coleccio-arpilleres\/57552","targetHints":{"allow":["GET"]}}],"collection":[{"href":"https:\/\/fundacioateneusantroc.org\/es\/wp-json\/wp\/v2\/coleccio-arpilleres"}],"about":[{"href":"https:\/\/fundacioateneusantroc.org\/es\/wp-json\/wp\/v2\/types\/coleccio-arpilleres"}],"version-history":[{"count":6,"href":"https:\/\/fundacioateneusantroc.org\/es\/wp-json\/wp\/v2\/coleccio-arpilleres\/57552\/revisions"}],"predecessor-version":[{"id":58322,"href":"https:\/\/fundacioateneusantroc.org\/es\/wp-json\/wp\/v2\/coleccio-arpilleres\/57552\/revisions\/58322"}],"wp:attachment":[{"href":"https:\/\/fundacioateneusantroc.org\/es\/wp-json\/wp\/v2\/media?parent=57552"}],"wp:term":[{"taxonomy":"coleccio-arpilleres-autor","embeddable":true,"href":"https:\/\/fundacioateneusantroc.org\/es\/wp-json\/wp\/v2\/coleccio-arpilleres-autor?post=57552"},{"taxonomy":"coleccio-arpilleres-grup","embeddable":true,"href":"https:\/\/fundacioateneusantroc.org\/es\/wp-json\/wp\/v2\/coleccio-arpilleres-grup?post=57552"}],"curies":[{"name":"wp","href":"https:\/\/api.w.org\/{rel}","templated":true}]}}

Ni una más

<p>Mi arpillera es un homenaje a las mujeres maltratadas especialmente a Ana Orantes de Granada.</p>

<p>Esta mujer, en 1997, denunció en televisión los malos tratos que sufría desde hacía 40 años por parte de su marido. Además, por orden judicial estaba obligada a seguir con él.</p>

<p>El marido, como venganza la ató a una silla en su casa, la roció con gasolina, la maltrató y la quemó delante de su hijo de 14 años, sin poder hacer nada por evitarlo.</p>

<p>Después de 20 años seguimos igual, se matan a las mujeres sin que los gobiernos hagan nada para evitarlo.</p>
