{"id":62458,"date":"2022-01-09T14:14:07","date_gmt":"2022-01-09T13:14:07","guid":{"rendered":"https:\/\/fundacioateneusantroc.org\/coleccions\/en-la-montana-con-mi-familia\/"},"modified":"2025-05-01T11:13:15","modified_gmt":"2025-05-01T09:13:15","slug":"en-la-montana-con-mi-familia","status":"publish","type":"coleccio-arpilleres","link":"https:\/\/fundacioateneusantroc.org\/es\/coleccions\/en-la-montana-con-mi-familia\/","title":{"rendered":"En la monta\u00f1a con mi familia"},"content":{"rendered":"\n<p>En mi casa somos 11 hermanos, yo soy la mayor, yo he sido como la madre. He tenido que cuidar de mi casa y de mis hermanos porque mi madre y mi padre se iban por ah\u00ed a ganarse la vida.<\/p>\n\n<p>Ten\u00eda tres ni\u00f1os de una cu\u00f1ada, de la mujer de un hermano m\u00edo que muri\u00f3 de parto. Me qued\u00e9 con tres cr\u00edos; el ni\u00f1o ten\u00eda un a\u00f1o y medio, la ni\u00f1a 3 meses y la otra era reci\u00e9n nacida.<\/p>\n\n<p>Ahora ellos ya est\u00e1n casados, tienen su vida y tienen sus ni\u00f1os.<\/p>\n\n<p>Antes cuando eran peque\u00f1os mi madre me dec\u00eda: \u201c\u00a1v\u00e1monos a la monta\u00f1a!\u201d y nos \u00edbamos toda la familia, no cab\u00eda tanta gente. He representado a la familia cuando \u00edbamos a la monta\u00f1a. Aunque no los haya podido poner, yo los veo a todos.<\/p>\n\n<p>De comer hac\u00edamos paellas y asados. Para mi padre era una alegr\u00eda vernos a todos juntos. No \u00edbamos muy lejos porque no ten\u00edamos coche. Imag\u00ednate con once hermanos todas las nueras que eran.<\/p>\n","protected":false},"excerpt":{"rendered":"<p>En mi casa somos 11 hermanos, yo soy la mayor, yo he sido como la madre. [&hellip;]<\/p>\n","protected":false},"featured_media":0,"menu_order":0,"template":"","coleccio-arpilleres-autor":[1628],"coleccio-arpilleres-grup":[1174],"class_list":["post-62458","coleccio-arpilleres","type-coleccio-arpilleres","status-publish","hentry","coleccio-arpilleres-autor-dolores-flores-es","coleccio-arpilleres-grup-taller-dones-cosint-histories"],"_links":{"self":[{"href":"https:\/\/fundacioateneusantroc.org\/es\/wp-json\/wp\/v2\/coleccio-arpilleres\/62458","targetHints":{"allow":["GET"]}}],"collection":[{"href":"https:\/\/fundacioateneusantroc.org\/es\/wp-json\/wp\/v2\/coleccio-arpilleres"}],"about":[{"href":"https:\/\/fundacioateneusantroc.org\/es\/wp-json\/wp\/v2\/types\/coleccio-arpilleres"}],"version-history":[{"count":1,"href":"https:\/\/fundacioateneusantroc.org\/es\/wp-json\/wp\/v2\/coleccio-arpilleres\/62458\/revisions"}],"predecessor-version":[{"id":62459,"href":"https:\/\/fundacioateneusantroc.org\/es\/wp-json\/wp\/v2\/coleccio-arpilleres\/62458\/revisions\/62459"}],"wp:attachment":[{"href":"https:\/\/fundacioateneusantroc.org\/es\/wp-json\/wp\/v2\/media?parent=62458"}],"wp:term":[{"taxonomy":"coleccio-arpilleres-autor","embeddable":true,"href":"https:\/\/fundacioateneusantroc.org\/es\/wp-json\/wp\/v2\/coleccio-arpilleres-autor?post=62458"},{"taxonomy":"coleccio-arpilleres-grup","embeddable":true,"href":"https:\/\/fundacioateneusantroc.org\/es\/wp-json\/wp\/v2\/coleccio-arpilleres-grup?post=62458"}],"curies":[{"name":"wp","href":"https:\/\/api.w.org\/{rel}","templated":true}]}}

En la montaña con mi familia

<p>En mi casa somos 11 hermanos, yo soy la mayor, yo he sido como la madre. He tenido que cuidar de mi casa y de mis hermanos porque mi madre y mi padre se iban por ahí a ganarse la vida.</p>

<p>Tenía tres niños de una cuñada, de la mujer de un hermano mío que murió de parto. Me quedé con tres críos; el niño tenía un año y medio, la niña 3 meses y la otra era recién nacida.</p>

<p>Ahora ellos ya están casados, tienen su vida y tienen sus niños.</p>

<p>Antes cuando eran pequeños mi madre me decía: “¡vámonos a la montaña!” y nos íbamos toda la familia, no cabía tanta gente. He representado a la familia cuando íbamos a la montaña. Aunque no los haya podido poner, yo los veo a todos.</p>

<p>De comer hacíamos paellas y asados. Para mi padre era una alegría vernos a todos juntos. No íbamos muy lejos porque no teníamos coche. Imagínate con once hermanos todas las nueras que eran.</p>
