{"id":62462,"date":"2022-01-09T14:16:09","date_gmt":"2022-01-09T13:16:09","guid":{"rendered":"https:\/\/fundacioateneusantroc.org\/coleccions\/en-la-torre-de-mi-hermana\/"},"modified":"2025-05-01T11:24:09","modified_gmt":"2025-05-01T09:24:09","slug":"en-la-torre-de-mi-hermana","status":"publish","type":"coleccio-arpilleres","link":"https:\/\/fundacioateneusantroc.org\/es\/coleccions\/en-la-torre-de-mi-hermana\/","title":{"rendered":"En la torre de mi hermana"},"content":{"rendered":"\n<p>Cuando mi sobrina y mis hijas eran peque\u00f1as \u00edbamos a la torre de mi hermana, durante los fines de semana y las vacaciones. La torre est\u00e1 en un pueblo de Gerona, era una casa muy grande donde hab\u00eda pinos y manzanos. Adem\u00e1s, ten\u00eda un huerto que cuidaba mi marido, donde sembr\u00e1bamos patatas, habas y tomates. Ten\u00edamos una piscina en la que los cr\u00edos disfrutaban mucho ba\u00f1\u00e1ndose.<\/p>\n\n<p>Nosotras, mi hermana y yo, \u00e9ramos las que hac\u00edamos la comida. Tambi\u00e9n nos gustaba estar por delante de la casa donde hab\u00eda una plaza.<\/p>\n\n<p>Mi hermana viv\u00eda all\u00ed tranquila, estaba con su hija, que es mi sobrina la mayor, la que aparece aqu\u00ed representada, la que cuidaba de los ni\u00f1os.<\/p>\n","protected":false},"excerpt":{"rendered":"<p>Cuando mi sobrina y mis hijas eran peque\u00f1as \u00edbamos a la torre de mi hermana, durante [&hellip;]<\/p>\n","protected":false},"featured_media":0,"menu_order":0,"template":"","coleccio-arpilleres-autor":[1630],"coleccio-arpilleres-grup":[1174],"class_list":["post-62462","coleccio-arpilleres","type-coleccio-arpilleres","status-publish","hentry","coleccio-arpilleres-autor-salud-gonzalez-es","coleccio-arpilleres-grup-taller-dones-cosint-histories"],"_links":{"self":[{"href":"https:\/\/fundacioateneusantroc.org\/es\/wp-json\/wp\/v2\/coleccio-arpilleres\/62462","targetHints":{"allow":["GET"]}}],"collection":[{"href":"https:\/\/fundacioateneusantroc.org\/es\/wp-json\/wp\/v2\/coleccio-arpilleres"}],"about":[{"href":"https:\/\/fundacioateneusantroc.org\/es\/wp-json\/wp\/v2\/types\/coleccio-arpilleres"}],"version-history":[{"count":1,"href":"https:\/\/fundacioateneusantroc.org\/es\/wp-json\/wp\/v2\/coleccio-arpilleres\/62462\/revisions"}],"predecessor-version":[{"id":62463,"href":"https:\/\/fundacioateneusantroc.org\/es\/wp-json\/wp\/v2\/coleccio-arpilleres\/62462\/revisions\/62463"}],"wp:attachment":[{"href":"https:\/\/fundacioateneusantroc.org\/es\/wp-json\/wp\/v2\/media?parent=62462"}],"wp:term":[{"taxonomy":"coleccio-arpilleres-autor","embeddable":true,"href":"https:\/\/fundacioateneusantroc.org\/es\/wp-json\/wp\/v2\/coleccio-arpilleres-autor?post=62462"},{"taxonomy":"coleccio-arpilleres-grup","embeddable":true,"href":"https:\/\/fundacioateneusantroc.org\/es\/wp-json\/wp\/v2\/coleccio-arpilleres-grup?post=62462"}],"curies":[{"name":"wp","href":"https:\/\/api.w.org\/{rel}","templated":true}]}}

<p>Cuando mi sobrina y mis hijas eran pequeñas íbamos a la torre de mi hermana, durante los fines de semana y las vacaciones. La torre está en un pueblo de Gerona, era una casa muy grande donde había pinos y manzanos. Además, tenía un huerto que cuidaba mi marido, donde sembrábamos patatas, habas y tomates. Teníamos una piscina en la que los críos disfrutaban mucho bañándose.</p>

<p>Nosotras, mi hermana y yo, éramos las que hacíamos la comida. También nos gustaba estar por delante de la casa donde había una plaza.</p>

<p>Mi hermana vivía allí tranquila, estaba con su hija, que es mi sobrina la mayor, la que aparece aquí representada, la que cuidaba de los niños.</p>

<p>Cuando mi sobrina y mis hijas eran pequeñas íbamos a la torre de mi hermana, durante [&hellip;]</p>
