{"id":62488,"date":"2022-01-09T14:29:12","date_gmt":"2022-01-09T13:29:12","guid":{"rendered":"https:\/\/fundacioateneusantroc.org\/coleccions\/la-plaza-roja-i\/"},"modified":"2025-05-01T11:18:03","modified_gmt":"2025-05-01T09:18:03","slug":"la-plaza-roja-i","status":"publish","type":"coleccio-arpilleres","link":"https:\/\/fundacioateneusantroc.org\/es\/coleccions\/la-plaza-roja-i\/","title":{"rendered":"La Plaza Roja I"},"content":{"rendered":"<p>Pertenecemos a un grupo que lucha por la limpieza y la convivencia en el barrio. El grupo se llama Dones i Barri en Xarxa, ya llevamos 5 a\u00f1os trabajando en esta labor. Hemos querido representar c\u00f3mo nos gustar\u00eda que el barrio cambiara, ya que est\u00e1 muy deteriorado. \u00c9ste ha sido el motivo de hacer la Plaza Roja porque es un mensaje bonito representarla con papeleras, bancos, flores y \u00e1rboles. \u00c9sta es nuestra ilusi\u00f3n aunque no sabemos si alguna vez conseguiremos verlo.<\/p>\n<p>As\u00ed tendr\u00eda que verse la Plaza Roja, y nos gustar\u00eda que el barrio de Sant Roc no se conociese porque est\u00e1 sucio, hay peleas, hay drogas y hay inmigraci\u00f3n, sino que se conociese porque es un barrio limpio, donde hay buena convivencia y buena uni\u00f3n con los vecinos. Esto se puede lograr si se quiere, pero creemos que es muy dif\u00edcil debido a la desconfianza de unos con otros.<\/p>\n<p>Lo hemos combinado de forma que se reflejen todos los talleres que se hacen aqu\u00ed en el Ateneu, el punto de cruz, el ganchillo, la pintura y la costura.<\/p>\n","protected":false},"excerpt":{"rendered":"<p>Pertenecemos a un grupo que lucha por la limpieza y la convivencia en el barrio. El [&hellip;]<\/p>\n","protected":false},"featured_media":50076,"menu_order":0,"template":"","coleccio-arpilleres-autor":[1586,1642],"coleccio-arpilleres-grup":[1174],"class_list":["post-62488","coleccio-arpilleres","type-coleccio-arpilleres","status-publish","has-post-thumbnail","hentry","coleccio-arpilleres-autor-antonia-amador-es","coleccio-arpilleres-autor-roser-hernandez-es","coleccio-arpilleres-grup-taller-dones-cosint-histories"],"_links":{"self":[{"href":"https:\/\/fundacioateneusantroc.org\/es\/wp-json\/wp\/v2\/coleccio-arpilleres\/62488","targetHints":{"allow":["GET"]}}],"collection":[{"href":"https:\/\/fundacioateneusantroc.org\/es\/wp-json\/wp\/v2\/coleccio-arpilleres"}],"about":[{"href":"https:\/\/fundacioateneusantroc.org\/es\/wp-json\/wp\/v2\/types\/coleccio-arpilleres"}],"version-history":[{"count":1,"href":"https:\/\/fundacioateneusantroc.org\/es\/wp-json\/wp\/v2\/coleccio-arpilleres\/62488\/revisions"}],"predecessor-version":[{"id":68374,"href":"https:\/\/fundacioateneusantroc.org\/es\/wp-json\/wp\/v2\/coleccio-arpilleres\/62488\/revisions\/68374"}],"wp:featuredmedia":[{"embeddable":true,"href":"https:\/\/fundacioateneusantroc.org\/es\/wp-json\/wp\/v2\/media\/50076"}],"wp:attachment":[{"href":"https:\/\/fundacioateneusantroc.org\/es\/wp-json\/wp\/v2\/media?parent=62488"}],"wp:term":[{"taxonomy":"coleccio-arpilleres-autor","embeddable":true,"href":"https:\/\/fundacioateneusantroc.org\/es\/wp-json\/wp\/v2\/coleccio-arpilleres-autor?post=62488"},{"taxonomy":"coleccio-arpilleres-grup","embeddable":true,"href":"https:\/\/fundacioateneusantroc.org\/es\/wp-json\/wp\/v2\/coleccio-arpilleres-grup?post=62488"}],"curies":[{"name":"wp","href":"https:\/\/api.w.org\/{rel}","templated":true}]}}

<p>Pertenecemos a un grupo que lucha por la limpieza y la convivencia en el barrio. El grupo se llama Dones i Barri en Xarxa, ya llevamos 5 años trabajando en esta labor. Hemos querido representar cómo nos gustaría que el barrio cambiara, ya que está muy deteriorado. Éste ha sido el motivo de hacer la Plaza Roja porque es un mensaje bonito representarla con papeleras, bancos, flores y árboles. Ésta es nuestra ilusión aunque no sabemos si alguna vez conseguiremos verlo.</p>
<p>Así tendría que verse la Plaza Roja, y nos gustaría que el barrio de Sant Roc no se conociese porque está sucio, hay peleas, hay drogas y hay inmigración, sino que se conociese porque es un barrio limpio, donde hay buena convivencia y buena unión con los vecinos. Esto se puede lograr si se quiere, pero creemos que es muy difícil debido a la desconfianza de unos con otros.</p>
<p>Lo hemos combinado de forma que se reflejen todos los talleres que se hacen aquí en el Ateneu, el punto de cruz, el ganchillo, la pintura y la costura.</p>
