{"id":62493,"date":"2022-01-09T14:32:13","date_gmt":"2022-01-09T13:32:13","guid":{"rendered":"https:\/\/fundacioateneusantroc.org\/coleccions\/la-vida-adelante\/"},"modified":"2025-05-01T11:17:32","modified_gmt":"2025-05-01T09:17:32","slug":"la-vida-adelante","status":"publish","type":"coleccio-arpilleres","link":"https:\/\/fundacioateneusantroc.org\/es\/coleccions\/la-vida-adelante\/","title":{"rendered":"La vida adelante"},"content":{"rendered":"<p>Vivo en Sant Roc desde hace 21 a\u00f1os, viv\u00eda aqu\u00ed cuando era peque\u00f1a, pero me cas\u00e9 y me fui. Volv\u00ed al barrio cuando me qued\u00e9 viuda. Tengo 4 ni\u00f1os que he sacado adelante.<\/p>\n<p>Mis nietos viven conmigo; estos dos, m\u00e1s mi sobrina Juani, que me la dieron con un mes porque la madre se fue y mi hermano muri\u00f3. Ahora tiene once a\u00f1os, y es como mi ni\u00f1a, me llama mama y est\u00e1 acostumbrada a m\u00ed. Tambi\u00e9n vive conmigo mi nieta de trece a\u00f1os.<br \/>\nTodo es cosa m\u00eda. Siempre que estoy en mi casa, les hago de comer. Lo llevo todo adelante con el dinero que cobro de la Pirmi.<\/p>\n<p>He representado a dos porque no me daba tiempo a m\u00e1s pero \u00e9stos representan a todos.<\/p>\n","protected":false},"excerpt":{"rendered":"<p>Vivo en Sant Roc desde hace 21 a\u00f1os, viv\u00eda aqu\u00ed cuando era peque\u00f1a, pero me cas\u00e9 [&hellip;]<\/p>\n","protected":false},"featured_media":0,"menu_order":0,"template":"","coleccio-arpilleres-autor":[1647,1646],"coleccio-arpilleres-grup":[1174],"class_list":["post-62493","coleccio-arpilleres","type-coleccio-arpilleres","status-publish","hentry","coleccio-arpilleres-autor-elvira-lluch-es","coleccio-arpilleres-autor-micaela-navarro-es","coleccio-arpilleres-grup-taller-dones-cosint-histories"],"_links":{"self":[{"href":"https:\/\/fundacioateneusantroc.org\/es\/wp-json\/wp\/v2\/coleccio-arpilleres\/62493","targetHints":{"allow":["GET"]}}],"collection":[{"href":"https:\/\/fundacioateneusantroc.org\/es\/wp-json\/wp\/v2\/coleccio-arpilleres"}],"about":[{"href":"https:\/\/fundacioateneusantroc.org\/es\/wp-json\/wp\/v2\/types\/coleccio-arpilleres"}],"version-history":[{"count":1,"href":"https:\/\/fundacioateneusantroc.org\/es\/wp-json\/wp\/v2\/coleccio-arpilleres\/62493\/revisions"}],"predecessor-version":[{"id":68373,"href":"https:\/\/fundacioateneusantroc.org\/es\/wp-json\/wp\/v2\/coleccio-arpilleres\/62493\/revisions\/68373"}],"wp:attachment":[{"href":"https:\/\/fundacioateneusantroc.org\/es\/wp-json\/wp\/v2\/media?parent=62493"}],"wp:term":[{"taxonomy":"coleccio-arpilleres-autor","embeddable":true,"href":"https:\/\/fundacioateneusantroc.org\/es\/wp-json\/wp\/v2\/coleccio-arpilleres-autor?post=62493"},{"taxonomy":"coleccio-arpilleres-grup","embeddable":true,"href":"https:\/\/fundacioateneusantroc.org\/es\/wp-json\/wp\/v2\/coleccio-arpilleres-grup?post=62493"}],"curies":[{"name":"wp","href":"https:\/\/api.w.org\/{rel}","templated":true}]}}

<p>Vivo en Sant Roc desde hace 21 años, vivía aquí cuando era pequeña, pero me casé y me fui. Volví al barrio cuando me quedé viuda. Tengo 4 niños que he sacado adelante.</p>
<p>Mis nietos viven conmigo; estos dos, más mi sobrina Juani, que me la dieron con un mes porque la madre se fue y mi hermano murió. Ahora tiene once años, y es como mi niña, me llama mama y está acostumbrada a mí. También vive conmigo mi nieta de trece años.<br />
Todo es cosa mía. Siempre que estoy en mi casa, les hago de comer. Lo llevo todo adelante con el dinero que cobro de la Pirmi.</p>
<p>He representado a dos porque no me daba tiempo a más pero éstos representan a todos.</p>

<p>Vivo en Sant Roc desde hace 21 años, vivía aquí cuando era pequeña, pero me casé [&hellip;]</p>
