{"id":62519,"date":"2022-01-09T14:45:16","date_gmt":"2022-01-09T13:45:16","guid":{"rendered":"https:\/\/fundacioateneusantroc.org\/coleccions\/recuerdos-de-trabajo-y-guerra\/"},"modified":"2025-05-01T11:11:12","modified_gmt":"2025-05-01T09:11:12","slug":"recuerdos-de-trabajo-y-guerra","status":"publish","type":"coleccio-arpilleres","link":"https:\/\/fundacioateneusantroc.org\/es\/coleccions\/recuerdos-de-trabajo-y-guerra\/","title":{"rendered":"Recuerdos de trabajo y guerra"},"content":{"rendered":"\n<p>Cuando era peque\u00f1a y de noche nos junt\u00e1bamos alrededor de la mesa, mi padre contaba las historias que vivi\u00f3 en la guerra civil espa\u00f1ola. Lo metieron en un campo de concentraci\u00f3n por error. Buscaban a un hombre que se llamaba igual que \u00e9l.<\/p>\n\n<p>Nos contaba como a media noche sent\u00eda los cerrojos de las celdas y c\u00f3mo sab\u00edan que al que se llevaban no volv\u00eda m\u00e1s, lo llevaban al campo y lo fusilaban. Mi padre ten\u00eda miedo. Estuvo dos a\u00f1os en rejas, trabajando en el campo sin comida. Nos dijo que hasta se le cay\u00f3 el pelo y la dentadura.<\/p>\n\n<p>Pero tuvo la suerte que cogieron al que era y mi padre qued\u00f3 libre. Mi madre trabajaba en el Porvenir con un militar, a quien le explic\u00f3 la situaci\u00f3n. Estuvieron investigando y vieron que los apellidos de mis abuelos no coincid\u00edan con los apellidos de los padres del otro hombre que buscaban, y \u00e9sa fue la salvaci\u00f3n de mi padre.<\/p>\n\n<p>Esto ocurri\u00f3 en Andaluc\u00eda, Sevilla, donde yo nac\u00ed, en el barrio de Triana. Nunca fui a la escuela y desde peque\u00f1a he estado trabajando. Recuerdo que a los 12 a\u00f1os trabaj\u00e9 empapelando naranjas para mandarlas al extranjero. Cuando no empapel\u00e1bamos nos pon\u00edan a descascarar las naranjas agrias, que pon\u00edamos en las ca\u00f1as para que se tostar\u00e1n al sol. Con eso hac\u00edan la p\u00f3lvora. Me pagaban una miseria, no llegaba a las mil pesetas a la semana.<\/p>\n\n<p class=\"has-small-font-size\"><a href=\"https:\/\/cain.ulster.ac.uk\/conflicttextiles\/search-quilts2\/fulltextiles1\/?id=159\" target=\"_blank\" rel=\"noopener\">Arpillera <\/a><a href=\"https:\/\/cain.ulster.ac.uk\/conflicttextiles\/search-quilts2\/fulltextiles1\/?id=159\" target=\"_blank\" rel=\"noreferrer noopener\">ambaixadora<\/a><\/p>\n","protected":false},"excerpt":{"rendered":"<p>Cuando era peque\u00f1a y de noche nos junt\u00e1bamos alrededor de la mesa, mi padre contaba las [&hellip;]<\/p>\n","protected":false},"featured_media":0,"menu_order":0,"template":"","coleccio-arpilleres-autor":[1661],"coleccio-arpilleres-grup":[1174],"class_list":["post-62519","coleccio-arpilleres","type-coleccio-arpilleres","status-publish","hentry","coleccio-arpilleres-autor-rosa-cortes-garcia-es","coleccio-arpilleres-grup-taller-dones-cosint-histories"],"_links":{"self":[{"href":"https:\/\/fundacioateneusantroc.org\/es\/wp-json\/wp\/v2\/coleccio-arpilleres\/62519","targetHints":{"allow":["GET"]}}],"collection":[{"href":"https:\/\/fundacioateneusantroc.org\/es\/wp-json\/wp\/v2\/coleccio-arpilleres"}],"about":[{"href":"https:\/\/fundacioateneusantroc.org\/es\/wp-json\/wp\/v2\/types\/coleccio-arpilleres"}],"version-history":[{"count":1,"href":"https:\/\/fundacioateneusantroc.org\/es\/wp-json\/wp\/v2\/coleccio-arpilleres\/62519\/revisions"}],"predecessor-version":[{"id":62520,"href":"https:\/\/fundacioateneusantroc.org\/es\/wp-json\/wp\/v2\/coleccio-arpilleres\/62519\/revisions\/62520"}],"wp:attachment":[{"href":"https:\/\/fundacioateneusantroc.org\/es\/wp-json\/wp\/v2\/media?parent=62519"}],"wp:term":[{"taxonomy":"coleccio-arpilleres-autor","embeddable":true,"href":"https:\/\/fundacioateneusantroc.org\/es\/wp-json\/wp\/v2\/coleccio-arpilleres-autor?post=62519"},{"taxonomy":"coleccio-arpilleres-grup","embeddable":true,"href":"https:\/\/fundacioateneusantroc.org\/es\/wp-json\/wp\/v2\/coleccio-arpilleres-grup?post=62519"}],"curies":[{"name":"wp","href":"https:\/\/api.w.org\/{rel}","templated":true}]}}

<p>Cuando era pequeña y de noche nos juntábamos alrededor de la mesa, mi padre contaba las historias que vivió en la guerra civil española. Lo metieron en un campo de concentración por error. Buscaban a un hombre que se llamaba igual que él.</p>

<p>Nos contaba como a media noche sentía los cerrojos de las celdas y cómo sabían que al que se llevaban no volvía más, lo llevaban al campo y lo fusilaban. Mi padre tenía miedo. Estuvo dos años en rejas, trabajando en el campo sin comida. Nos dijo que hasta se le cayó el pelo y la dentadura.</p>

<p>Pero tuvo la suerte que cogieron al que era y mi padre quedó libre. Mi madre trabajaba en el Porvenir con un militar, a quien le explicó la situación. Estuvieron investigando y vieron que los apellidos de mis abuelos no coincidían con los apellidos de los padres del otro hombre que buscaban, y ésa fue la salvación de mi padre.</p>

<p>Esto ocurrió en Andalucía, Sevilla, donde yo nací, en el barrio de Triana. Nunca fui a la escuela y desde pequeña he estado trabajando. Recuerdo que a los 12 años trabajé empapelando naranjas para mandarlas al extranjero. Cuando no empapelábamos nos ponían a descascarar las naranjas agrias, que poníamos en las cañas para que se tostarán al sol. Con eso hacían la pólvora. Me pagaban una miseria, no llegaba a las mil pesetas a la semana.</p>

<p class="has-small-font-size"><a href="https://cain.ulster.ac.uk/conflicttextiles/search-quilts2/fulltextiles1/?id=159" target="_blank" rel="noopener">Arpillera </a><a href="https://cain.ulster.ac.uk/conflicttextiles/search-quilts2/fulltextiles1/?id=159" target="_blank" rel="noreferrer noopener">ambaixadora</a></p>

<p>Cuando era pequeña y de noche nos juntábamos alrededor de la mesa, mi padre contaba las [&hellip;]</p>
