{"id":62521,"date":"2022-01-09T14:46:17","date_gmt":"2022-01-09T13:46:17","guid":{"rendered":"https:\/\/fundacioateneusantroc.org\/coleccions\/sonamos\/"},"modified":"2025-05-01T11:09:45","modified_gmt":"2025-05-01T09:09:45","slug":"sonamos","status":"publish","type":"coleccio-arpilleres","link":"https:\/\/fundacioateneusantroc.org\/es\/coleccions\/sonamos\/","title":{"rendered":"So\u00f1amos"},"content":{"rendered":"\n<p>En el grupo Dones i Barri en Xarxa intentamos vivir en conjunto, buscar maneras, m\u00e9todos y din\u00e1micas, que apoyadas por la administraci\u00f3n, colaboren por el deseo de mejorar el barrio.<\/p>\n\n<p>So\u00f1amos, quiere decir c\u00f3mo nos gustar\u00eda que estuviera el barrio, que no hubiera tantas pintadas, que se pudiera ir por la calle bien y que estuviera m\u00e1s limpio.<\/p>\n\n<p>He representado en la mitad de la arpillera lo negativo, donde se ve el container con las bolsas de basura fuera, los baches de la carretera y un \u00e1rbol que est\u00e1 medio roto, que no crece. En la otra mitad el deseo positivo, lo mismo que pretendemos con la nueva campa\u00f1a del grupo, ir a lo positivo. Crear un ambiente agradable, con \u00e1rboles, flores y jard\u00edn donde los ni\u00f1os jueguen.<\/p>\n\n<p>El sol alumbra a todos, no es s\u00f3lo un bien para unos pocos, es para todos.<\/p>\n","protected":false},"excerpt":{"rendered":"<p>En el grupo Dones i Barri en Xarxa intentamos vivir en conjunto, buscar maneras, m\u00e9todos y [&hellip;]<\/p>\n","protected":false},"featured_media":0,"menu_order":0,"template":"","coleccio-arpilleres-autor":[1662],"coleccio-arpilleres-grup":[1174],"class_list":["post-62521","coleccio-arpilleres","type-coleccio-arpilleres","status-publish","hentry","coleccio-arpilleres-autor-corpus-ortega-es","coleccio-arpilleres-grup-taller-dones-cosint-histories"],"_links":{"self":[{"href":"https:\/\/fundacioateneusantroc.org\/es\/wp-json\/wp\/v2\/coleccio-arpilleres\/62521","targetHints":{"allow":["GET"]}}],"collection":[{"href":"https:\/\/fundacioateneusantroc.org\/es\/wp-json\/wp\/v2\/coleccio-arpilleres"}],"about":[{"href":"https:\/\/fundacioateneusantroc.org\/es\/wp-json\/wp\/v2\/types\/coleccio-arpilleres"}],"version-history":[{"count":1,"href":"https:\/\/fundacioateneusantroc.org\/es\/wp-json\/wp\/v2\/coleccio-arpilleres\/62521\/revisions"}],"predecessor-version":[{"id":62522,"href":"https:\/\/fundacioateneusantroc.org\/es\/wp-json\/wp\/v2\/coleccio-arpilleres\/62521\/revisions\/62522"}],"wp:attachment":[{"href":"https:\/\/fundacioateneusantroc.org\/es\/wp-json\/wp\/v2\/media?parent=62521"}],"wp:term":[{"taxonomy":"coleccio-arpilleres-autor","embeddable":true,"href":"https:\/\/fundacioateneusantroc.org\/es\/wp-json\/wp\/v2\/coleccio-arpilleres-autor?post=62521"},{"taxonomy":"coleccio-arpilleres-grup","embeddable":true,"href":"https:\/\/fundacioateneusantroc.org\/es\/wp-json\/wp\/v2\/coleccio-arpilleres-grup?post=62521"}],"curies":[{"name":"wp","href":"https:\/\/api.w.org\/{rel}","templated":true}]}}

Soñamos

<p>En el grupo Dones i Barri en Xarxa intentamos vivir en conjunto, buscar maneras, métodos y dinámicas, que apoyadas por la administración, colaboren por el deseo de mejorar el barrio.</p>

<p>Soñamos, quiere decir cómo nos gustaría que estuviera el barrio, que no hubiera tantas pintadas, que se pudiera ir por la calle bien y que estuviera más limpio.</p>

<p>He representado en la mitad de la arpillera lo negativo, donde se ve el container con las bolsas de basura fuera, los baches de la carretera y un árbol que está medio roto, que no crece. En la otra mitad el deseo positivo, lo mismo que pretendemos con la nueva campaña del grupo, ir a lo positivo. Crear un ambiente agradable, con árboles, flores y jardín donde los niños jueguen.</p>

<p>El sol alumbra a todos, no es sólo un bien para unos pocos, es para todos.</p>

<p>En el grupo Dones i Barri en Xarxa intentamos vivir en conjunto, buscar maneras, métodos y [&hellip;]</p>
