{"id":62523,"date":"2022-01-09T14:47:18","date_gmt":"2022-01-09T13:47:18","guid":{"rendered":"https:\/\/fundacioateneusantroc.org\/coleccions\/tiempo-de-flores\/"},"modified":"2025-05-01T11:08:25","modified_gmt":"2025-05-01T09:08:25","slug":"tiempo-de-flores","status":"publish","type":"coleccio-arpilleres","link":"https:\/\/fundacioateneusantroc.org\/es\/coleccions\/tiempo-de-flores\/","title":{"rendered":"Tiempo de flores"},"content":{"rendered":"\n<p>\u00c9sta es mi casa natal en Motril. Era una casa de pag\u00e9s, una finca muy grande donde viv\u00edamos todos, ten\u00edamos caballer\u00eda, cabras y cerdos.<\/p>\n\n<p>Yo, que he sido siempre muy solitaria, cog\u00eda mi alpuerta de pleita que me hac\u00eda mi padre, y me iba al campo a recoger flores con mi perro Canelo, que estaba muy bien educado. Dependiendo de la \u00e9poca recog\u00eda esp\u00e1rragos, almendras&#8230; La \u00e9poca que m\u00e1s me gustaba era la de las flores. En aquel entonces, iba a un campo de trigo, todo lleno de amapolas, de flores, unas florecitas que le dec\u00edan campanillas, de todos los colores.<\/p>\n\n<p>A m\u00ed me ense\u00f1\u00f3 a hacer las labores de costura una se\u00f1ora que me tom\u00f3 mucho cari\u00f1o porque yo siempre me he criado sin madre. Me tra\u00eda un ovillico de hilo y las agujas, y en los momentos de descanso de la ma\u00f1ana y de la comida, en los que el capataz se fumaba un cigarro, me ense\u00f1aba estas labores.<\/p>\n","protected":false},"excerpt":{"rendered":"<p>\u00c9sta es mi casa natal en Motril. Era una casa de pag\u00e9s, una finca muy grande [&hellip;]<\/p>\n","protected":false},"featured_media":0,"menu_order":0,"template":"","coleccio-arpilleres-autor":[1663],"coleccio-arpilleres-grup":[1174],"class_list":["post-62523","coleccio-arpilleres","type-coleccio-arpilleres","status-publish","hentry","coleccio-arpilleres-autor-carmen-maldonado-es","coleccio-arpilleres-grup-taller-dones-cosint-histories"],"_links":{"self":[{"href":"https:\/\/fundacioateneusantroc.org\/es\/wp-json\/wp\/v2\/coleccio-arpilleres\/62523","targetHints":{"allow":["GET"]}}],"collection":[{"href":"https:\/\/fundacioateneusantroc.org\/es\/wp-json\/wp\/v2\/coleccio-arpilleres"}],"about":[{"href":"https:\/\/fundacioateneusantroc.org\/es\/wp-json\/wp\/v2\/types\/coleccio-arpilleres"}],"version-history":[{"count":1,"href":"https:\/\/fundacioateneusantroc.org\/es\/wp-json\/wp\/v2\/coleccio-arpilleres\/62523\/revisions"}],"predecessor-version":[{"id":62524,"href":"https:\/\/fundacioateneusantroc.org\/es\/wp-json\/wp\/v2\/coleccio-arpilleres\/62523\/revisions\/62524"}],"wp:attachment":[{"href":"https:\/\/fundacioateneusantroc.org\/es\/wp-json\/wp\/v2\/media?parent=62523"}],"wp:term":[{"taxonomy":"coleccio-arpilleres-autor","embeddable":true,"href":"https:\/\/fundacioateneusantroc.org\/es\/wp-json\/wp\/v2\/coleccio-arpilleres-autor?post=62523"},{"taxonomy":"coleccio-arpilleres-grup","embeddable":true,"href":"https:\/\/fundacioateneusantroc.org\/es\/wp-json\/wp\/v2\/coleccio-arpilleres-grup?post=62523"}],"curies":[{"name":"wp","href":"https:\/\/api.w.org\/{rel}","templated":true}]}}

<p>Ésta es mi casa natal en Motril. Era una casa de pagés, una finca muy grande donde vivíamos todos, teníamos caballería, cabras y cerdos.</p>

<p>Yo, que he sido siempre muy solitaria, cogía mi alpuerta de pleita que me hacía mi padre, y me iba al campo a recoger flores con mi perro Canelo, que estaba muy bien educado. Dependiendo de la época recogía espárragos, almendras&#8230; La época que más me gustaba era la de las flores. En aquel entonces, iba a un campo de trigo, todo lleno de amapolas, de flores, unas florecitas que le decían campanillas, de todos los colores.</p>

<p>A mí me enseñó a hacer las labores de costura una señora que me tomó mucho cariño porque yo siempre me he criado sin madre. Me traía un ovillico de hilo y las agujas, y en los momentos de descanso de la mañana y de la comida, en los que el capataz se fumaba un cigarro, me enseñaba estas labores.</p>

<p>Ésta es mi casa natal en Motril. Era una casa de pagés, una finca muy grande [&hellip;]</p>
