{"id":62525,"date":"2022-01-09T14:48:18","date_gmt":"2022-01-09T13:48:18","guid":{"rendered":"https:\/\/fundacioateneusantroc.org\/coleccions\/toda-la-vida-criando\/"},"modified":"2025-05-01T11:07:45","modified_gmt":"2025-05-01T09:07:45","slug":"toda-la-vida-criando","status":"publish","type":"coleccio-arpilleres","link":"https:\/\/fundacioateneusantroc.org\/es\/coleccions\/toda-la-vida-criando\/","title":{"rendered":"Toda la vida criando"},"content":{"rendered":"\n<p>Me cas\u00e9 a los 20 a\u00f1os, tengo 6 hijos y 2 nietas gemelas. He estado toda la vida criando, \u00e9sa es mi vida.<\/p>\n\n<p>Cuando me hace falta para comer voy a la asistenta y me da una ayuda, de C\u00e1ritas. Voy cada tres meses, los mi\u00e9rcoles voy con mi carrico y me dan algunas cosas para comer. Despu\u00e9s, cobro la Pirmi que me ayuda para pagar la luz, el agua o para comprar lo que sea. Y tambi\u00e9n me dan unos cheques cada seis meses que son para las ni\u00f1as, para comprarles ropa.<\/p>\n\n<p>La alegr\u00eda de mi casa son mis nietas, una se llama Julia Amaya y la otra Rosario Amaya. Se levantan a las 8 de la ma\u00f1ana para ir al instituto, tienen 14 a\u00f1os. Son muy buenas, no me dan tormento ninguno. Me ha costado mucho criarlas, est\u00e1n sin madre y sin padre. Estas nietas son de mi hijo que hace 10 a\u00f1os que no lo tengo. Mis dos nenas est\u00e1n conmigo, su madre las dej\u00f3, y las cri\u00e9 yo desde peque\u00f1as. Estas ni\u00f1as me han dado vida a m\u00ed.<\/p>\n\n<p class=\"has-small-font-size\"><a href=\"https:\/\/cain.ulster.ac.uk\/conflicttextiles\/search-quilts2\/fulltextiles1\/?id=352\" target=\"_blank\" rel=\"noreferrer noopener\">Arpillera embajadora<\/a><\/p>\n","protected":false},"excerpt":{"rendered":"<p>Me cas\u00e9 a los 20 a\u00f1os, tengo 6 hijos y 2 nietas gemelas. He estado toda [&hellip;]<\/p>\n","protected":false},"featured_media":0,"menu_order":0,"template":"","coleccio-arpilleres-autor":[1664],"coleccio-arpilleres-grup":[1174],"class_list":["post-62525","coleccio-arpilleres","type-coleccio-arpilleres","status-publish","hentry","coleccio-arpilleres-autor-carmen-montero-es","coleccio-arpilleres-grup-taller-dones-cosint-histories"],"_links":{"self":[{"href":"https:\/\/fundacioateneusantroc.org\/es\/wp-json\/wp\/v2\/coleccio-arpilleres\/62525","targetHints":{"allow":["GET"]}}],"collection":[{"href":"https:\/\/fundacioateneusantroc.org\/es\/wp-json\/wp\/v2\/coleccio-arpilleres"}],"about":[{"href":"https:\/\/fundacioateneusantroc.org\/es\/wp-json\/wp\/v2\/types\/coleccio-arpilleres"}],"version-history":[{"count":1,"href":"https:\/\/fundacioateneusantroc.org\/es\/wp-json\/wp\/v2\/coleccio-arpilleres\/62525\/revisions"}],"predecessor-version":[{"id":62526,"href":"https:\/\/fundacioateneusantroc.org\/es\/wp-json\/wp\/v2\/coleccio-arpilleres\/62525\/revisions\/62526"}],"wp:attachment":[{"href":"https:\/\/fundacioateneusantroc.org\/es\/wp-json\/wp\/v2\/media?parent=62525"}],"wp:term":[{"taxonomy":"coleccio-arpilleres-autor","embeddable":true,"href":"https:\/\/fundacioateneusantroc.org\/es\/wp-json\/wp\/v2\/coleccio-arpilleres-autor?post=62525"},{"taxonomy":"coleccio-arpilleres-grup","embeddable":true,"href":"https:\/\/fundacioateneusantroc.org\/es\/wp-json\/wp\/v2\/coleccio-arpilleres-grup?post=62525"}],"curies":[{"name":"wp","href":"https:\/\/api.w.org\/{rel}","templated":true}]}}

<p>Me casé a los 20 años, tengo 6 hijos y 2 nietas gemelas. He estado toda la vida criando, ésa es mi vida.</p>

<p>Cuando me hace falta para comer voy a la asistenta y me da una ayuda, de Cáritas. Voy cada tres meses, los miércoles voy con mi carrico y me dan algunas cosas para comer. Después, cobro la Pirmi que me ayuda para pagar la luz, el agua o para comprar lo que sea. Y también me dan unos cheques cada seis meses que son para las niñas, para comprarles ropa.</p>

<p>La alegría de mi casa son mis nietas, una se llama Julia Amaya y la otra Rosario Amaya. Se levantan a las 8 de la mañana para ir al instituto, tienen 14 años. Son muy buenas, no me dan tormento ninguno. Me ha costado mucho criarlas, están sin madre y sin padre. Estas nietas son de mi hijo que hace 10 años que no lo tengo. Mis dos nenas están conmigo, su madre las dejó, y las crié yo desde pequeñas. Estas niñas me han dado vida a mí.</p>

<p class="has-small-font-size"><a href="https://cain.ulster.ac.uk/conflicttextiles/search-quilts2/fulltextiles1/?id=352" target="_blank" rel="noreferrer noopener">Arpillera embajadora</a></p>

<p>Me casé a los 20 años, tengo 6 hijos y 2 nietas gemelas. He estado toda [&hellip;]</p>
