{"id":62527,"date":"2022-01-09T14:49:18","date_gmt":"2022-01-09T13:49:18","guid":{"rendered":"https:\/\/fundacioateneusantroc.org\/coleccions\/un-futuro-mejor-para-mi-hijo\/"},"modified":"2025-05-01T11:07:05","modified_gmt":"2025-05-01T09:07:05","slug":"un-futuro-mejor-para-mi-hijo","status":"publish","type":"coleccio-arpilleres","link":"https:\/\/fundacioateneusantroc.org\/es\/coleccions\/un-futuro-mejor-para-mi-hijo\/","title":{"rendered":"Un futuro mejor para mi hijo"},"content":{"rendered":"\n<p>He representado a una madre y a un ni\u00f1o en la puerta de la escuela. Me gustar\u00eda que el d\u00eda de ma\u00f1ana tengamos un futuro mejor para los hijos y que la educaci\u00f3n avance m\u00e1s, en el colegio y en todo, porque si no tienen estudios realmente no tienen nada.<\/p>\n\n<p>Yo no fui a la escuela, dej\u00e9 de ir en segundo curso cuando tendr\u00eda unos seis o siete a\u00f1os, porque hac\u00eda falta en mi casa. Ya que yo no he ido a la escuela por lo menos que vaya mi hijo y lo aproveche.<\/p>\n","protected":false},"excerpt":{"rendered":"<p>He representado a una madre y a un ni\u00f1o en la puerta de la escuela. Me [&hellip;]<\/p>\n","protected":false},"featured_media":0,"menu_order":0,"template":"","coleccio-arpilleres-autor":[1665],"coleccio-arpilleres-grup":[1174],"class_list":["post-62527","coleccio-arpilleres","type-coleccio-arpilleres","status-publish","hentry","coleccio-arpilleres-autor-dolores-moreno-es","coleccio-arpilleres-grup-taller-dones-cosint-histories"],"_links":{"self":[{"href":"https:\/\/fundacioateneusantroc.org\/es\/wp-json\/wp\/v2\/coleccio-arpilleres\/62527","targetHints":{"allow":["GET"]}}],"collection":[{"href":"https:\/\/fundacioateneusantroc.org\/es\/wp-json\/wp\/v2\/coleccio-arpilleres"}],"about":[{"href":"https:\/\/fundacioateneusantroc.org\/es\/wp-json\/wp\/v2\/types\/coleccio-arpilleres"}],"version-history":[{"count":1,"href":"https:\/\/fundacioateneusantroc.org\/es\/wp-json\/wp\/v2\/coleccio-arpilleres\/62527\/revisions"}],"predecessor-version":[{"id":62528,"href":"https:\/\/fundacioateneusantroc.org\/es\/wp-json\/wp\/v2\/coleccio-arpilleres\/62527\/revisions\/62528"}],"wp:attachment":[{"href":"https:\/\/fundacioateneusantroc.org\/es\/wp-json\/wp\/v2\/media?parent=62527"}],"wp:term":[{"taxonomy":"coleccio-arpilleres-autor","embeddable":true,"href":"https:\/\/fundacioateneusantroc.org\/es\/wp-json\/wp\/v2\/coleccio-arpilleres-autor?post=62527"},{"taxonomy":"coleccio-arpilleres-grup","embeddable":true,"href":"https:\/\/fundacioateneusantroc.org\/es\/wp-json\/wp\/v2\/coleccio-arpilleres-grup?post=62527"}],"curies":[{"name":"wp","href":"https:\/\/api.w.org\/{rel}","templated":true}]}}

<p>He representado a una madre y a un niño en la puerta de la escuela. Me gustaría que el día de mañana tengamos un futuro mejor para los hijos y que la educación avance más, en el colegio y en todo, porque si no tienen estudios realmente no tienen nada.</p>

<p>Yo no fui a la escuela, dejé de ir en segundo curso cuando tendría unos seis o siete años, porque hacía falta en mi casa. Ya que yo no he ido a la escuela por lo menos que vaya mi hijo y lo aproveche.</p>

<p>He representado a una madre y a un niño en la puerta de la escuela. Me [&hellip;]</p>
