{"id":62557,"date":"2022-01-17T14:11:34","date_gmt":"2022-01-17T13:11:34","guid":{"rendered":"https:\/\/fundacioateneusantroc.org\/coleccions\/para-mi-ibrahim\/"},"modified":"2022-01-17T14:11:34","modified_gmt":"2022-01-17T13:11:34","slug":"para-mi-ibrahim","status":"publish","type":"coleccio-arpilleres","link":"https:\/\/fundacioateneusantroc.org\/es\/coleccions\/para-mi-ibrahim\/","title":{"rendered":"Para mi Ibrahim"},"content":{"rendered":"<p>Soy Mar\u00eda y mi hijo se llama Mohammed. En el futuro quiero que Mohammed estudie mucho, que estudie el Coran y que estudie en el colegio, en el instituto y en la universidad. Tambi\u00e9n me gustar\u00eda que por la tarde fuera al ateneu a estudiar y hacer actividades.<br \/>\nTambi\u00e9n quiero que sea un hombre bueno, que respete a todo el mundo y que tenga amor para todos.<br \/>\nMe gustar\u00eda que \u00e9l trabajar\u00e1 de lo que quisiera, pero mi sue\u00f1o es que sea piloto de avi\u00f3n y me lleve a Pakist\u00e1n.<\/p>\n","protected":false},"excerpt":{"rendered":"<p>Soy Mar\u00eda y mi hijo se llama Mohammed. En el futuro quiero que Mohammed estudie mucho, [&hellip;]<\/p>\n","protected":false},"featured_media":0,"menu_order":0,"template":"","coleccio-arpilleres-autor":[1677],"coleccio-arpilleres-grup":[1607],"class_list":["post-62557","coleccio-arpilleres","type-coleccio-arpilleres","status-publish","hentry","coleccio-arpilleres-autor-maria-safdar-es","coleccio-arpilleres-grup-espacio-familiar-elna"],"_links":{"self":[{"href":"https:\/\/fundacioateneusantroc.org\/es\/wp-json\/wp\/v2\/coleccio-arpilleres\/62557","targetHints":{"allow":["GET"]}}],"collection":[{"href":"https:\/\/fundacioateneusantroc.org\/es\/wp-json\/wp\/v2\/coleccio-arpilleres"}],"about":[{"href":"https:\/\/fundacioateneusantroc.org\/es\/wp-json\/wp\/v2\/types\/coleccio-arpilleres"}],"version-history":[{"count":0,"href":"https:\/\/fundacioateneusantroc.org\/es\/wp-json\/wp\/v2\/coleccio-arpilleres\/62557\/revisions"}],"wp:attachment":[{"href":"https:\/\/fundacioateneusantroc.org\/es\/wp-json\/wp\/v2\/media?parent=62557"}],"wp:term":[{"taxonomy":"coleccio-arpilleres-autor","embeddable":true,"href":"https:\/\/fundacioateneusantroc.org\/es\/wp-json\/wp\/v2\/coleccio-arpilleres-autor?post=62557"},{"taxonomy":"coleccio-arpilleres-grup","embeddable":true,"href":"https:\/\/fundacioateneusantroc.org\/es\/wp-json\/wp\/v2\/coleccio-arpilleres-grup?post=62557"}],"curies":[{"name":"wp","href":"https:\/\/api.w.org\/{rel}","templated":true}]}}

<p>Soy María y mi hijo se llama Mohammed. En el futuro quiero que Mohammed estudie mucho, que estudie el Coran y que estudie en el colegio, en el instituto y en la universidad. También me gustaría que por la tarde fuera al ateneu a estudiar y hacer actividades.<br />
También quiero que sea un hombre bueno, que respete a todo el mundo y que tenga amor para todos.<br />
Me gustaría que él trabajará de lo que quisiera, pero mi sueño es que sea piloto de avión y me lleve a Pakistán.</p>

<p>Soy María y mi hijo se llama Mohammed. En el futuro quiero que Mohammed estudie mucho, [&hellip;]</p>
