{"id":62562,"date":"2022-01-21T14:01:47","date_gmt":"2022-01-21T13:01:47","guid":{"rendered":"https:\/\/fundacioateneusantroc.org\/coleccions\/caminamos-juntos\/"},"modified":"2024-10-02T18:42:29","modified_gmt":"2024-10-02T16:42:29","slug":"caminamos-juntos","status":"publish","type":"coleccio-arpilleres","link":"https:\/\/fundacioateneusantroc.org\/es\/coleccions\/caminamos-juntos\/","title":{"rendered":"Caminamos juntos"},"content":{"rendered":"\n<p>La conmemoraci\u00f3n del D\u00eda de las personas refugiadas, el 20 de junio, nos convoca como grupo de arpilleras para participar en la acci\u00f3n internacional promovida por Roberta Bacic.<br\/>Dos sesiones para hablar del tema y dos sesiones de costura juntas han dado como resultado la arpillera CAMINEMOS JUNTOS.<\/p>\n\n<p>Hablando de refugiados nos han venido a la cabeza historias ya trabajadas hace unos a\u00f1os, cuando la exposici\u00f3n fotogr\u00e1fica \u201cDespu\u00e9s de las olas\u201d nos empuj\u00f3 a crear \u201cRefugiados, arpilleras en acci\u00f3n\u201d. Han vuelto los personajes que viajaban cargados con bolsas, maletas, criaturas&#8230; Han vuelto el cansancio, los miedos y la lucha por llegar a buen puerto&#8230; Hemos recordado a todos los que no llegan y pierden la vida en el camino&#8230; Y hemos incorporado nuevas historias, siempre tan actuales, de asalto a la valla de Ceuta, de pateras llegando a Canarias, de voluntarios a pie de playa, de las repatriaciones forzadas&#8230;<\/p>\n\n<p>Hemos querido coser un mu\u00f1eco que nos representa a nosotras mismas, como parte fundamental de este \u201cCaminar juntos\u201d, y tambi\u00e9n un mu\u00f1eco representando aquel refugiado o refugiada que nos interpela y nos anima a implicarnos.<\/p>\n\n<p>Y no olvidemos todas y cada una de las personas que se quedan por el camino, en el desierto, el mar&#8230;<\/p>\n\n<p><a href=\"https:\/\/fundacioateneusantroc.org\/es\/ateneu-arpilleres\/caminamos-juntos\/\"><\/a><a href=\"https:\/\/fundacioateneusantroc.org\/webantiga\/_wpfasr\/wp-content\/uploads\/caminem-junts1.pdf\">Documento explicativo<\/a><\/p>\n\n<p class=\"has-small-font-size\"><a href=\"https:\/\/cain.ulster.ac.uk\/conflicttextiles\/search-quilts2\/fulltextiles1\/?id=440\" target=\"_blank\" rel=\"noreferrer noopener\">Arpillera embajadora<\/a><\/p>\n","protected":false},"excerpt":{"rendered":"<p>La conmemoraci\u00f3n del D\u00eda de las personas refugiadas, el 20 de junio, nos convoca como grupo [&hellip;]<\/p>\n","protected":false},"featured_media":0,"menu_order":0,"template":"","coleccio-arpilleres-autor":[1589],"coleccio-arpilleres-grup":[1184],"class_list":["post-62562","coleccio-arpilleres","type-coleccio-arpilleres","status-publish","hentry","coleccio-arpilleres-autor-collectiva-es","coleccio-arpilleres-grup-grup-darpilleres"],"_links":{"self":[{"href":"https:\/\/fundacioateneusantroc.org\/es\/wp-json\/wp\/v2\/coleccio-arpilleres\/62562","targetHints":{"allow":["GET"]}}],"collection":[{"href":"https:\/\/fundacioateneusantroc.org\/es\/wp-json\/wp\/v2\/coleccio-arpilleres"}],"about":[{"href":"https:\/\/fundacioateneusantroc.org\/es\/wp-json\/wp\/v2\/types\/coleccio-arpilleres"}],"version-history":[{"count":3,"href":"https:\/\/fundacioateneusantroc.org\/es\/wp-json\/wp\/v2\/coleccio-arpilleres\/62562\/revisions"}],"predecessor-version":[{"id":62741,"href":"https:\/\/fundacioateneusantroc.org\/es\/wp-json\/wp\/v2\/coleccio-arpilleres\/62562\/revisions\/62741"}],"wp:attachment":[{"href":"https:\/\/fundacioateneusantroc.org\/es\/wp-json\/wp\/v2\/media?parent=62562"}],"wp:term":[{"taxonomy":"coleccio-arpilleres-autor","embeddable":true,"href":"https:\/\/fundacioateneusantroc.org\/es\/wp-json\/wp\/v2\/coleccio-arpilleres-autor?post=62562"},{"taxonomy":"coleccio-arpilleres-grup","embeddable":true,"href":"https:\/\/fundacioateneusantroc.org\/es\/wp-json\/wp\/v2\/coleccio-arpilleres-grup?post=62562"}],"curies":[{"name":"wp","href":"https:\/\/api.w.org\/{rel}","templated":true}]}}

<p>La conmemoración del Día de las personas refugiadas, el 20 de junio, nos convoca como grupo de arpilleras para participar en la acción internacional promovida por Roberta Bacic.<br/>Dos sesiones para hablar del tema y dos sesiones de costura juntas han dado como resultado la arpillera CAMINEMOS JUNTOS.</p>

<p>Hablando de refugiados nos han venido a la cabeza historias ya trabajadas hace unos años, cuando la exposición fotográfica “Después de las olas” nos empujó a crear “Refugiados, arpilleras en acción”. Han vuelto los personajes que viajaban cargados con bolsas, maletas, criaturas&#8230; Han vuelto el cansancio, los miedos y la lucha por llegar a buen puerto&#8230; Hemos recordado a todos los que no llegan y pierden la vida en el camino&#8230; Y hemos incorporado nuevas historias, siempre tan actuales, de asalto a la valla de Ceuta, de pateras llegando a Canarias, de voluntarios a pie de playa, de las repatriaciones forzadas&#8230;</p>

<p>Hemos querido coser un muñeco que nos representa a nosotras mismas, como parte fundamental de este “Caminar juntos”, y también un muñeco representando aquel refugiado o refugiada que nos interpela y nos anima a implicarnos.</p>

<p>Y no olvidemos todas y cada una de las personas que se quedan por el camino, en el desierto, el mar&#8230;</p>

<p><a href="https://fundacioateneusantroc.org/es/ateneu-arpilleres/caminamos-juntos/"></a><a href="https://fundacioateneusantroc.org/webantiga/_wpfasr/wp-content/uploads/caminem-junts1.pdf">Documento explicativo</a></p>

<p class="has-small-font-size"><a href="https://cain.ulster.ac.uk/conflicttextiles/search-quilts2/fulltextiles1/?id=440" target="_blank" rel="noreferrer noopener">Arpillera embajadora</a></p>

<p>La conmemoración del Día de las personas refugiadas, el 20 de junio, nos convoca como grupo [&hellip;]</p>
