{"id":64172,"date":"2024-02-22T11:24:14","date_gmt":"2024-02-22T10:24:14","guid":{"rendered":"https:\/\/fundacioateneusantroc.org\/?post_type=coleccio-arpilleres&#038;p=64172"},"modified":"2024-02-22T20:02:53","modified_gmt":"2024-02-22T19:02:53","slug":"un-altre-mon-es-possible","status":"publish","type":"coleccio-arpilleres","link":"https:\/\/fundacioateneusantroc.org\/es\/coleccions\/un-altre-mon-es-possible\/","title":{"rendered":"Un altre m\u00f3n \u00e9s possible?"},"content":{"rendered":"\n<p>L\u2019arpillera que he fet est\u00e0 inspirada en el cartell dels Zapatistes \u201cOTRO MUNDO ES POSIBLE\u201d.<\/p>\n\n\n\n<p>Si mirem al nostre entorn, als nostres barris, vivint el dia a dia, les not\u00edcies que ens arriben, ens \u00e9s molt dif\u00edcil creure en un m\u00f3n on ens veiem iguals i on se\u2019ns tracti a totes i a tots per igual.<\/p>\n\n\n\n<p>El m\u00f3n, els nostres pobles, ciutats i barris, s\u00f3n diversos, perqu\u00e8 qui els habita ho som. No podem deixar a ning\u00fa enrere, fora, al marge. S\u2019ha de lluitar pels drets de tothom, garantir la igualtat d\u2019oportunitats, garantir poder viure amb dignitat. Hem de crear societats inclusives i aix\u00f2 ho hem de fer totes i tots junts amb qui ens governa.<\/p>\n\n\n\n<p>No esperem que ho facin els altres, amb paraules que sovint no van enlloc. Fem-ho nosaltres cada dia, amb els nostres gestos, empenyent i&nbsp;interpel\u00b7lant a qui pot tenir la soluci\u00f3 i fer-ho realitat.<\/p>\n\n\n\n<p>Creiem en un m\u00f3n on c\u00e0piguen tots els mons, totes les persones? FEM-HO!<\/p>\n","protected":false},"excerpt":{"rendered":"<p>L\u2019arpillera que he fet est\u00e0 inspirada en el cartell dels Zapatistes \u201cOTRO MUNDO ES POSIBLE\u201d. Si [&hellip;]<\/p>\n","protected":false},"featured_media":63400,"menu_order":0,"template":"","coleccio-arpilleres-autor":[1690],"coleccio-arpilleres-grup":[],"class_list":["post-64172","coleccio-arpilleres","type-coleccio-arpilleres","status-publish","has-post-thumbnail","hentry","coleccio-arpilleres-autor-montse-caro"],"_links":{"self":[{"href":"https:\/\/fundacioateneusantroc.org\/es\/wp-json\/wp\/v2\/coleccio-arpilleres\/64172","targetHints":{"allow":["GET"]}}],"collection":[{"href":"https:\/\/fundacioateneusantroc.org\/es\/wp-json\/wp\/v2\/coleccio-arpilleres"}],"about":[{"href":"https:\/\/fundacioateneusantroc.org\/es\/wp-json\/wp\/v2\/types\/coleccio-arpilleres"}],"version-history":[{"count":2,"href":"https:\/\/fundacioateneusantroc.org\/es\/wp-json\/wp\/v2\/coleccio-arpilleres\/64172\/revisions"}],"predecessor-version":[{"id":64194,"href":"https:\/\/fundacioateneusantroc.org\/es\/wp-json\/wp\/v2\/coleccio-arpilleres\/64172\/revisions\/64194"}],"wp:featuredmedia":[{"embeddable":true,"href":"https:\/\/fundacioateneusantroc.org\/es\/wp-json\/wp\/v2\/media\/63400"}],"wp:attachment":[{"href":"https:\/\/fundacioateneusantroc.org\/es\/wp-json\/wp\/v2\/media?parent=64172"}],"wp:term":[{"taxonomy":"coleccio-arpilleres-autor","embeddable":true,"href":"https:\/\/fundacioateneusantroc.org\/es\/wp-json\/wp\/v2\/coleccio-arpilleres-autor?post=64172"},{"taxonomy":"coleccio-arpilleres-grup","embeddable":true,"href":"https:\/\/fundacioateneusantroc.org\/es\/wp-json\/wp\/v2\/coleccio-arpilleres-grup?post=64172"}],"curies":[{"name":"wp","href":"https:\/\/api.w.org\/{rel}","templated":true}]}}

Un altre món és possible?

<p>L’arpillera que he fet està inspirada en el cartell dels Zapatistes “OTRO MUNDO ES POSIBLE”.</p>



<p>Si mirem al nostre entorn, als nostres barris, vivint el dia a dia, les notícies que ens arriben, ens és molt difícil creure en un món on ens veiem iguals i on se’ns tracti a totes i a tots per igual.</p>



<p>El món, els nostres pobles, ciutats i barris, són diversos, perquè qui els habita ho som. No podem deixar a ningú enrere, fora, al marge. S’ha de lluitar pels drets de tothom, garantir la igualtat d’oportunitats, garantir poder viure amb dignitat. Hem de crear societats inclusives i això ho hem de fer totes i tots junts amb qui ens governa.</p>



<p>No esperem que ho facin els altres, amb paraules que sovint no van enlloc. Fem-ho nosaltres cada dia, amb els nostres gestos, empenyent i&nbsp;interpel·lant a qui pot tenir la solució i fer-ho realitat.</p>



<p>Creiem en un món on càpiguen tots els mons, totes les persones? FEM-HO!</p>

<p>L’arpillera que he fet està inspirada en el cartell dels Zapatistes “OTRO MUNDO ES POSIBLE”. Si [&hellip;]</p>
