{"id":64174,"date":"2024-02-22T11:25:57","date_gmt":"2024-02-22T10:25:57","guid":{"rendered":"https:\/\/fundacioateneusantroc.org\/?post_type=coleccio-arpilleres&#038;p=64174"},"modified":"2024-02-22T20:02:38","modified_gmt":"2024-02-22T19:02:38","slug":"transformar-ciutats","status":"publish","type":"coleccio-arpilleres","link":"https:\/\/fundacioateneusantroc.org\/es\/coleccions\/transformar-ciutats\/","title":{"rendered":"Transformar ciutats"},"content":{"rendered":"\n<p>A la meva arpillera vull recollir el comprom\u00eds de construir ciutats que minimitzin al m\u00e0xim l\u2019impacte sobre el medi ambient.<\/p>\n\n\n\n<p>Crec que per aconseguir-ho hi ha molts aspectes a tenir en compte: l\u2019estalvi energ\u00e8tic, la reducci\u00f3 del consum de l\u2019aigua, l\u2019aprofitament dels recursos de l\u2019entorn com ara la llum solar, fins i tot la plantaci\u00f3 d\u2019arbres m\u00e9s eficients en la producci\u00f3 d\u2019oxigen.<\/p>\n\n\n\n<p>Per altra banda, mantenir els carrers m\u00e9s nets i sanejats fan la vida m\u00e9s c\u00f2moda i sana per als seus habitants. El seu manteniment \u00e9s primordial i \u00e9s tasca de totes i tots.<\/p>\n\n\n\n<p>Pel que fa a l\u2019aire, sabem com \u00e9s d\u2019important mantenir-lo net i aix\u00ed toca fomentar i interioritzar l\u2019\u00fas del transport p\u00fablic i els mitjans de locomoci\u00f3 ecol\u00f2gics.<\/p>\n\n\n\n<p>Camins que hem d\u2019agafar per a no impactar negativament sobre el planeta, avan\u00e7ant cap a un m\u00f3n m\u00e9s net, saludable i segur.<\/p>\n","protected":false},"excerpt":{"rendered":"<p>A la meva arpillera vull recollir el comprom\u00eds de construir ciutats que minimitzin al m\u00e0xim l\u2019impacte [&hellip;]<\/p>\n","protected":false},"featured_media":63456,"menu_order":0,"template":"","coleccio-arpilleres-autor":[1268],"coleccio-arpilleres-grup":[],"class_list":["post-64174","coleccio-arpilleres","type-coleccio-arpilleres","status-publish","has-post-thumbnail","hentry","coleccio-arpilleres-autor-merce-monge"],"_links":{"self":[{"href":"https:\/\/fundacioateneusantroc.org\/es\/wp-json\/wp\/v2\/coleccio-arpilleres\/64174","targetHints":{"allow":["GET"]}}],"collection":[{"href":"https:\/\/fundacioateneusantroc.org\/es\/wp-json\/wp\/v2\/coleccio-arpilleres"}],"about":[{"href":"https:\/\/fundacioateneusantroc.org\/es\/wp-json\/wp\/v2\/types\/coleccio-arpilleres"}],"version-history":[{"count":1,"href":"https:\/\/fundacioateneusantroc.org\/es\/wp-json\/wp\/v2\/coleccio-arpilleres\/64174\/revisions"}],"predecessor-version":[{"id":64175,"href":"https:\/\/fundacioateneusantroc.org\/es\/wp-json\/wp\/v2\/coleccio-arpilleres\/64174\/revisions\/64175"}],"wp:featuredmedia":[{"embeddable":true,"href":"https:\/\/fundacioateneusantroc.org\/es\/wp-json\/wp\/v2\/media\/63456"}],"wp:attachment":[{"href":"https:\/\/fundacioateneusantroc.org\/es\/wp-json\/wp\/v2\/media?parent=64174"}],"wp:term":[{"taxonomy":"coleccio-arpilleres-autor","embeddable":true,"href":"https:\/\/fundacioateneusantroc.org\/es\/wp-json\/wp\/v2\/coleccio-arpilleres-autor?post=64174"},{"taxonomy":"coleccio-arpilleres-grup","embeddable":true,"href":"https:\/\/fundacioateneusantroc.org\/es\/wp-json\/wp\/v2\/coleccio-arpilleres-grup?post=64174"}],"curies":[{"name":"wp","href":"https:\/\/api.w.org\/{rel}","templated":true}]}}

<p>A la meva arpillera vull recollir el compromís de construir ciutats que minimitzin al màxim l’impacte sobre el medi ambient.</p>



<p>Crec que per aconseguir-ho hi ha molts aspectes a tenir en compte: l’estalvi energètic, la reducció del consum de l’aigua, l’aprofitament dels recursos de l’entorn com ara la llum solar, fins i tot la plantació d’arbres més eficients en la producció d’oxigen.</p>



<p>Per altra banda, mantenir els carrers més nets i sanejats fan la vida més còmoda i sana per als seus habitants. El seu manteniment és primordial i és tasca de totes i tots.</p>



<p>Pel que fa a l’aire, sabem com és d’important mantenir-lo net i així toca fomentar i interioritzar l’ús del transport públic i els mitjans de locomoció ecològics.</p>



<p>Camins que hem d’agafar per a no impactar negativament sobre el planeta, avançant cap a un món més net, saludable i segur.</p>

<p>A la meva arpillera vull recollir el compromís de construir ciutats que minimitzin al màxim l’impacte [&hellip;]</p>
