{"id":66608,"date":"2022-01-20T14:13:44","date_gmt":"2022-01-20T13:13:44","guid":{"rendered":"https:\/\/fundacioateneusantroc.org\/coleccions\/que-esta-pasando\/"},"modified":"2024-10-02T18:54:06","modified_gmt":"2024-10-02T16:54:06","slug":"que-esta-pasando","status":"publish","type":"coleccio-arpilleres","link":"https:\/\/fundacioateneusantroc.org\/es\/coleccions\/que-esta-pasando\/","title":{"rendered":"Qu\u00e9 est\u00e1 pasando"},"content":{"rendered":"\n<p>16 de marzo de 2020. Tengo la necesidad de escribir esto que est\u00e1 pasando: desde China avisan que corre un virus muy contagioso (coronavirus), la noticia, igual que el virus, se extiende muy r\u00e1pido, y ya lo tenemos aqu\u00ed. <\/p>\n\n<p>Nos han confinado, no podemos salir. Me hago muchas preguntas \u00bfEs la naturaleza? \u00bfProvocado? \u00bfPor qu\u00e9 mueren tantas personas mayores? \u00a1Los m\u00e9dicos y los sanitarios no pueden m\u00e1s! Esto es muy grave.     <\/p>\n\n<p>Me paso el d\u00eda en pijama, asustada y preocupada&#8230; no es normal, no me gusta, as\u00ed que, reacciono y me pongo tareas: escribo, leo, coso y empezamos a tener contacto con el Ateneu, a trav\u00e9s de internet. Tambi\u00e9n con la familia y amigos con videollamadas, \u00a1menos mal, ya no estoy sola! <\/p>\n\n<p>Salgo al balc\u00f3n, a las 8 de la tarde los aplausos, tengo mejor relaci\u00f3n con el vecindario y contemplo un barrio ins\u00f3lito, sin gente, limpio y sin ruidos&#8230; \u00a1me sobrecoge!<\/p>\n","protected":false},"excerpt":{"rendered":"<p>16 de marzo de 2020. Tengo la necesidad de escribir esto que est\u00e1 pasando: desde China [&hellip;]<\/p>\n","protected":false},"featured_media":0,"menu_order":0,"template":"","coleccio-arpilleres-autor":[1585],"coleccio-arpilleres-grup":[1184],"class_list":["post-66608","coleccio-arpilleres","type-coleccio-arpilleres","status-publish","hentry","coleccio-arpilleres-autor-manoli-garcia-es","coleccio-arpilleres-grup-grup-darpilleres"],"_links":{"self":[{"href":"https:\/\/fundacioateneusantroc.org\/es\/wp-json\/wp\/v2\/coleccio-arpilleres\/66608","targetHints":{"allow":["GET"]}}],"collection":[{"href":"https:\/\/fundacioateneusantroc.org\/es\/wp-json\/wp\/v2\/coleccio-arpilleres"}],"about":[{"href":"https:\/\/fundacioateneusantroc.org\/es\/wp-json\/wp\/v2\/types\/coleccio-arpilleres"}],"version-history":[{"count":1,"href":"https:\/\/fundacioateneusantroc.org\/es\/wp-json\/wp\/v2\/coleccio-arpilleres\/66608\/revisions"}],"predecessor-version":[{"id":66609,"href":"https:\/\/fundacioateneusantroc.org\/es\/wp-json\/wp\/v2\/coleccio-arpilleres\/66608\/revisions\/66609"}],"wp:attachment":[{"href":"https:\/\/fundacioateneusantroc.org\/es\/wp-json\/wp\/v2\/media?parent=66608"}],"wp:term":[{"taxonomy":"coleccio-arpilleres-autor","embeddable":true,"href":"https:\/\/fundacioateneusantroc.org\/es\/wp-json\/wp\/v2\/coleccio-arpilleres-autor?post=66608"},{"taxonomy":"coleccio-arpilleres-grup","embeddable":true,"href":"https:\/\/fundacioateneusantroc.org\/es\/wp-json\/wp\/v2\/coleccio-arpilleres-grup?post=66608"}],"curies":[{"name":"wp","href":"https:\/\/api.w.org\/{rel}","templated":true}]}}

Qué está pasando

<p>16 de marzo de 2020. Tengo la necesidad de escribir esto que está pasando: desde China avisan que corre un virus muy contagioso (coronavirus), la noticia, igual que el virus, se extiende muy rápido, y ya lo tenemos aquí. </p>

<p>Nos han confinado, no podemos salir. Me hago muchas preguntas ¿Es la naturaleza? ¿Provocado? ¿Por qué mueren tantas personas mayores? ¡Los médicos y los sanitarios no pueden más! Esto es muy grave.     </p>

<p>Me paso el día en pijama, asustada y preocupada&#8230; no es normal, no me gusta, así que, reacciono y me pongo tareas: escribo, leo, coso y empezamos a tener contacto con el Ateneu, a través de internet. También con la familia y amigos con videollamadas, ¡menos mal, ya no estoy sola! </p>

<p>Salgo al balcón, a las 8 de la tarde los aplausos, tengo mejor relación con el vecindario y contemplo un barrio insólito, sin gente, limpio y sin ruidos&#8230; ¡me sobrecoge!</p>

<p>16 de marzo de 2020. Tengo la necesidad de escribir esto que está pasando: desde China [&hellip;]</p>
