{"id":71718,"date":"2026-03-16T11:38:49","date_gmt":"2026-03-16T10:38:49","guid":{"rendered":"https:\/\/fundacioateneusantroc.org\/coleccions\/no-necesitamos-permiso-para-ser-libres\/"},"modified":"2026-05-14T08:51:21","modified_gmt":"2026-05-14T06:51:21","slug":"no-necesitamos-permiso-para-ser-libres","status":"publish","type":"coleccio-arpilleres","link":"https:\/\/fundacioateneusantroc.org\/es\/coleccions\/no-necesitamos-permiso-para-ser-libres\/","title":{"rendered":"No necesitamos permiso para ser libres"},"content":{"rendered":"\n<p>En 2019, Chile vivi\u00f3 un momento muy duro: el aumento del precio del transporte desat\u00f3 el Estallido Social. Las movilizaciones, formadas mayoritariamente por j\u00f3venes, recibieron una respuesta marcada por la represi\u00f3n. Hubo muchos heridos, detenciones arbitrarias y numerosas lesiones oculares que se convirtieron en un s\u00edmbolo de lo que estaba ocurriendo en el pa\u00eds.  <\/p>\n\n<p>En medio de este contexto, el arte de la arpillera resurgi\u00f3 como una manera de expresar el dolor, denunciar la violencia y mantener viva la memoria de esos d\u00edas. En la Fundaci\u00f3n Ecolety, un espacio que acoge a mujeres maltratadas, empezaron a organizar talleres de arpilleras acompa\u00f1ados por Malicia Salinas y Cristina Lira. All\u00ed, la t\u00e9cnica se convierte en una herramienta para denunciar la violencia \u2014especialmente la de g\u00e9nero\u2014 y tambi\u00e9n para sanar a trav\u00e9s de la creatividad y el apoyo entre mujeres.  <\/p>\n\n<p>De la denuncia y el cuidado nace esta arpillera que representa una mujer con el ojo sangriento. Sobre el fondo rojo intenso destaca un mensaje valiente y directo: \u201cNO NECESITAMOS PERMISO PARA SER LIBRES\u201d. <\/p>\n\n<p><\/p>\n","protected":false},"excerpt":{"rendered":"<p>En 2019, Chile vivi\u00f3 un momento muy duro: el aumento del precio del transporte desat\u00f3 el [&hellip;]<\/p>\n","protected":false},"featured_media":71379,"menu_order":0,"template":"","coleccio-arpilleres-autor":[1733],"coleccio-arpilleres-grup":[],"class_list":["post-71718","coleccio-arpilleres","type-coleccio-arpilleres","status-publish","has-post-thumbnail","hentry","coleccio-arpilleres-autor-malicia-salinas"],"_links":{"self":[{"href":"https:\/\/fundacioateneusantroc.org\/es\/wp-json\/wp\/v2\/coleccio-arpilleres\/71718","targetHints":{"allow":["GET"]}}],"collection":[{"href":"https:\/\/fundacioateneusantroc.org\/es\/wp-json\/wp\/v2\/coleccio-arpilleres"}],"about":[{"href":"https:\/\/fundacioateneusantroc.org\/es\/wp-json\/wp\/v2\/types\/coleccio-arpilleres"}],"version-history":[{"count":7,"href":"https:\/\/fundacioateneusantroc.org\/es\/wp-json\/wp\/v2\/coleccio-arpilleres\/71718\/revisions"}],"predecessor-version":[{"id":71725,"href":"https:\/\/fundacioateneusantroc.org\/es\/wp-json\/wp\/v2\/coleccio-arpilleres\/71718\/revisions\/71725"}],"wp:featuredmedia":[{"embeddable":true,"href":"https:\/\/fundacioateneusantroc.org\/es\/wp-json\/wp\/v2\/media\/71379"}],"wp:attachment":[{"href":"https:\/\/fundacioateneusantroc.org\/es\/wp-json\/wp\/v2\/media?parent=71718"}],"wp:term":[{"taxonomy":"coleccio-arpilleres-autor","embeddable":true,"href":"https:\/\/fundacioateneusantroc.org\/es\/wp-json\/wp\/v2\/coleccio-arpilleres-autor?post=71718"},{"taxonomy":"coleccio-arpilleres-grup","embeddable":true,"href":"https:\/\/fundacioateneusantroc.org\/es\/wp-json\/wp\/v2\/coleccio-arpilleres-grup?post=71718"}],"curies":[{"name":"wp","href":"https:\/\/api.w.org\/{rel}","templated":true}]}}

<p>En 2019, Chile vivió un momento muy duro: el aumento del precio del transporte desató el Estallido Social. Las movilizaciones, formadas mayoritariamente por jóvenes, recibieron una respuesta marcada por la represión. Hubo muchos heridos, detenciones arbitrarias y numerosas lesiones oculares que se convirtieron en un símbolo de lo que estaba ocurriendo en el país.  </p>

<p>En medio de este contexto, el arte de la arpillera resurgió como una manera de expresar el dolor, denunciar la violencia y mantener viva la memoria de esos días. En la Fundación Ecolety, un espacio que acoge a mujeres maltratadas, empezaron a organizar talleres de arpilleras acompañados por Malicia Salinas y Cristina Lira. Allí, la técnica se convierte en una herramienta para denunciar la violencia —especialmente la de género— y también para sanar a través de la creatividad y el apoyo entre mujeres.  </p>

<p>De la denuncia y el cuidado nace esta arpillera que representa una mujer con el ojo sangriento. Sobre el fondo rojo intenso destaca un mensaje valiente y directo: “NO NECESITAMOS PERMISO PARA SER LIBRES”. </p>

<p></p>

<p>En 2019, Chile vivió un momento muy duro: el aumento del precio del transporte desató el [&hellip;]</p>
