{"id":71872,"date":"2026-05-08T16:45:36","date_gmt":"2026-05-08T14:45:36","guid":{"rendered":"https:\/\/fundacioateneusantroc.org\/?post_type=coleccio-arpilleres&#038;p=71872"},"modified":"2026-05-14T08:51:40","modified_gmt":"2026-05-14T06:51:40","slug":"mans-obertes","status":"publish","type":"coleccio-arpilleres","link":"https:\/\/fundacioateneusantroc.org\/es\/coleccions\/mans-obertes\/","title":{"rendered":"Mans obertes"},"content":{"rendered":"\n<p>Arpillera de mans obertes, mans diferents, fetes de teles diferents, nascudes d\u2019hist\u00f2ries diferents. Totes cosides amb la mateixa intenci\u00f3, representen comunitats diverses unides per un mateix desig de PAU.<\/p>\n\n\n\n<p>Les mans obertes s\u00f3n s\u00edmbol d\u2019acollida, protecci\u00f3 i gest universal d\u2019empara, per\u00f2 tamb\u00e9, s\u00f3n una demanda de dignitat, compassi\u00f3 i respecte. No hi ha viol\u00e8ncia en elles, nom\u00e9s exposici\u00f3, i en aquesta fragilitat rau la seva for\u00e7a.<\/p>\n\n\n\n<p>Al centre, les figures humanes representen les vides de qui veu els seus drets vulnerats, persones despla\u00e7ades, silenciades i oblidades.<\/p>\n\n\n\n<p>Recordem que els drets humans no s\u00f3n abstractes, s\u00f3n persones humanes.<\/p>\n","protected":false},"excerpt":{"rendered":"<p>Arpillera de mans obertes, mans diferents, fetes de teles diferents, nascudes d\u2019hist\u00f2ries diferents. Totes cosides amb [&hellip;]<\/p>\n","protected":false},"featured_media":71873,"menu_order":0,"template":"","coleccio-arpilleres-autor":[1689],"coleccio-arpilleres-grup":[],"class_list":["post-71872","coleccio-arpilleres","type-coleccio-arpilleres","status-publish","has-post-thumbnail","hentry","coleccio-arpilleres-autor-margarita-mesa"],"_links":{"self":[{"href":"https:\/\/fundacioateneusantroc.org\/es\/wp-json\/wp\/v2\/coleccio-arpilleres\/71872","targetHints":{"allow":["GET"]}}],"collection":[{"href":"https:\/\/fundacioateneusantroc.org\/es\/wp-json\/wp\/v2\/coleccio-arpilleres"}],"about":[{"href":"https:\/\/fundacioateneusantroc.org\/es\/wp-json\/wp\/v2\/types\/coleccio-arpilleres"}],"version-history":[{"count":1,"href":"https:\/\/fundacioateneusantroc.org\/es\/wp-json\/wp\/v2\/coleccio-arpilleres\/71872\/revisions"}],"predecessor-version":[{"id":71875,"href":"https:\/\/fundacioateneusantroc.org\/es\/wp-json\/wp\/v2\/coleccio-arpilleres\/71872\/revisions\/71875"}],"wp:featuredmedia":[{"embeddable":true,"href":"https:\/\/fundacioateneusantroc.org\/es\/wp-json\/wp\/v2\/media\/71873"}],"wp:attachment":[{"href":"https:\/\/fundacioateneusantroc.org\/es\/wp-json\/wp\/v2\/media?parent=71872"}],"wp:term":[{"taxonomy":"coleccio-arpilleres-autor","embeddable":true,"href":"https:\/\/fundacioateneusantroc.org\/es\/wp-json\/wp\/v2\/coleccio-arpilleres-autor?post=71872"},{"taxonomy":"coleccio-arpilleres-grup","embeddable":true,"href":"https:\/\/fundacioateneusantroc.org\/es\/wp-json\/wp\/v2\/coleccio-arpilleres-grup?post=71872"}],"curies":[{"name":"wp","href":"https:\/\/api.w.org\/{rel}","templated":true}]}}

<p>Arpillera de mans obertes, mans diferents, fetes de teles diferents, nascudes d’històries diferents. Totes cosides amb la mateixa intenció, representen comunitats diverses unides per un mateix desig de PAU.</p>



<p>Les mans obertes són símbol d’acollida, protecció i gest universal d’empara, però també, són una demanda de dignitat, compassió i respecte. No hi ha violència en elles, només exposició, i en aquesta fragilitat rau la seva força.</p>



<p>Al centre, les figures humanes representen les vides de qui veu els seus drets vulnerats, persones desplaçades, silenciades i oblidades.</p>



<p>Recordem que els drets humans no són abstractes, són persones humanes.</p>

<p>Arpillera de mans obertes, mans diferents, fetes de teles diferents, nascudes d’històries diferents. Totes cosides amb [&hellip;]</p>
