{"id":71945,"date":"2026-05-13T19:24:26","date_gmt":"2026-05-13T17:24:26","guid":{"rendered":"https:\/\/fundacioateneusantroc.org\/?post_type=coleccio-arpilleres&#038;p=71945"},"modified":"2026-05-13T19:26:08","modified_gmt":"2026-05-13T17:26:08","slug":"la-lluita-veinal-contra-la-droga","status":"publish","type":"coleccio-arpilleres","link":"https:\/\/fundacioateneusantroc.org\/es\/coleccions\/la-lluita-veinal-contra-la-droga\/","title":{"rendered":"La lluita ve\u00efnal contra la droga"},"content":{"rendered":"\n<p>El barri de Sant Roc, ha tingut sempre la necessitat de lluites i reivindicacions, per la deixadesa i l\u2019oblit de les administracions.<\/p>\n\n\n\n<p>En la d\u00e8cada dels 80, aproximadament, paios i gitanos, per primer cop, es van unir davant un problema molt greu que patien moltes fam\u00edlies. Havia arribat la droga al barri, com si no n\u2019hi hagu\u00e9s prou&#8230; Tamb\u00e9 la sida. Un tema porta a l\u2019altre pel fet de compartir xeringues i m\u00e9s.<\/p>\n\n\n\n<p>Els nostres fills moren&#8230; les fam\u00edlies no poden m\u00e9s, perqu\u00e8 pateixen robatoris dels seus mateixos fills, tamb\u00e9 maltractaments per aconseguir-la.<\/p>\n\n\n\n<p>Les xeringues pels carrers, amb perill per a tothom.<\/p>\n\n\n\n<p>Entre tots, ve\u00efns i ve\u00efnes van decidir sortir al carrer a denunciar la situaci\u00f3, recollint bosses de xeringues i portant-les a l\u2019ajuntament, en una forta protesta.<\/p>\n\n\n\n<p>Es formen patrulles de vigil\u00e0ncia per dissuadir als que venen a comprar de fora. Es va poder erradicar per un temps aquest problema.<\/p>\n","protected":false},"excerpt":{"rendered":"<p>El barri de Sant Roc, ha tingut sempre la necessitat de lluites i reivindicacions, per la [&hellip;]<\/p>\n","protected":false},"featured_media":71926,"menu_order":0,"template":"","coleccio-arpilleres-autor":[1608,1210],"coleccio-arpilleres-grup":[1595],"class_list":["post-71945","coleccio-arpilleres","type-coleccio-arpilleres","status-publish","has-post-thumbnail","hentry","coleccio-arpilleres-autor-encarna-ortega","coleccio-arpilleres-autor-manoli-garcia","coleccio-arpilleres-grup-grup-darpilleres-2"],"_links":{"self":[{"href":"https:\/\/fundacioateneusantroc.org\/es\/wp-json\/wp\/v2\/coleccio-arpilleres\/71945","targetHints":{"allow":["GET"]}}],"collection":[{"href":"https:\/\/fundacioateneusantroc.org\/es\/wp-json\/wp\/v2\/coleccio-arpilleres"}],"about":[{"href":"https:\/\/fundacioateneusantroc.org\/es\/wp-json\/wp\/v2\/types\/coleccio-arpilleres"}],"version-history":[{"count":1,"href":"https:\/\/fundacioateneusantroc.org\/es\/wp-json\/wp\/v2\/coleccio-arpilleres\/71945\/revisions"}],"predecessor-version":[{"id":71946,"href":"https:\/\/fundacioateneusantroc.org\/es\/wp-json\/wp\/v2\/coleccio-arpilleres\/71945\/revisions\/71946"}],"wp:featuredmedia":[{"embeddable":true,"href":"https:\/\/fundacioateneusantroc.org\/es\/wp-json\/wp\/v2\/media\/71926"}],"wp:attachment":[{"href":"https:\/\/fundacioateneusantroc.org\/es\/wp-json\/wp\/v2\/media?parent=71945"}],"wp:term":[{"taxonomy":"coleccio-arpilleres-autor","embeddable":true,"href":"https:\/\/fundacioateneusantroc.org\/es\/wp-json\/wp\/v2\/coleccio-arpilleres-autor?post=71945"},{"taxonomy":"coleccio-arpilleres-grup","embeddable":true,"href":"https:\/\/fundacioateneusantroc.org\/es\/wp-json\/wp\/v2\/coleccio-arpilleres-grup?post=71945"}],"curies":[{"name":"wp","href":"https:\/\/api.w.org\/{rel}","templated":true}]}}

La lluita veïnal contra la droga

<p>El barri de Sant Roc, ha tingut sempre la necessitat de lluites i reivindicacions, per la deixadesa i l’oblit de les administracions.</p>



<p>En la dècada dels 80, aproximadament, paios i gitanos, per primer cop, es van unir davant un problema molt greu que patien moltes famílies. Havia arribat la droga al barri, com si no n’hi hagués prou&#8230; També la sida. Un tema porta a l’altre pel fet de compartir xeringues i més.</p>



<p>Els nostres fills moren&#8230; les famílies no poden més, perquè pateixen robatoris dels seus mateixos fills, també maltractaments per aconseguir-la.</p>



<p>Les xeringues pels carrers, amb perill per a tothom.</p>



<p>Entre tots, veïns i veïnes van decidir sortir al carrer a denunciar la situació, recollint bosses de xeringues i portant-les a l’ajuntament, en una forta protesta.</p>



<p>Es formen patrulles de vigilància per dissuadir als que venen a comprar de fora. Es va poder erradicar per un temps aquest problema.</p>
