{"id":71951,"date":"2026-05-14T08:53:23","date_gmt":"2026-05-14T06:53:23","guid":{"rendered":"https:\/\/fundacioateneusantroc.org\/?post_type=coleccio-arpilleres&#038;p=71951"},"modified":"2026-05-14T08:53:24","modified_gmt":"2026-05-14T06:53:24","slug":"som-la-terra-que-es-revolta","status":"publish","type":"coleccio-arpilleres","link":"https:\/\/fundacioateneusantroc.org\/es\/coleccions\/som-la-terra-que-es-revolta\/","title":{"rendered":"Som la terra que es\u00a0revolta"},"content":{"rendered":"\n<p>Pensant en moviments socials vinculats amb la cura de la terra ve al cap el vaixell de Greenpeace, Berta C\u00e1ceres, les represes de Brasil, Greta Thunberg\u2026 per\u00f2 busc\u00e0vem un moviment m\u00e9s proper, una terra m\u00e9s nostra. I en la cerca, va apar\u00e8ixer el moviment Som la terra que es revolta, enlla\u00e7ant lluites petites per trobar grans respostes.&nbsp;<\/p>\n\n\n\n<p>Des de Lo riu \u00e9s vida de l\u2019Ebre passant pel <em>NO a la MAT<\/em>! de les terres de Girona fins l\u2019<em>STOP JJOO 2030<\/em> al Pirineu. Lluites al costat de casa com Ni un pam de terra per protegir el delta del Llobregat enfront l\u2019ampliaci\u00f3 de l\u2019aeroport. Lluites de camp com la <em>Revolta pagesa<\/em>. Lluites de litoral com a Mallorca amb el turisme massiu. Lluites energ\u00e8tiques com <em>Nuclears, no gr\u00e0cies<\/em> que encara continuen vigents.<\/p>\n\n\n\n<p>El poder del capital, dels m\u00e9s poderosos esprem el nostre planeta posant en perill els seus recursos naturals i posa els beneficis econ\u00f2mics per davant del futur planeta i de les persones. Per\u00f2 de la terra espremuda sorgeix la lluita, la reivindicaci\u00f3, la mobilitzaci\u00f3, i la resist\u00e8ncia.<\/p>\n\n\n\n<p>Cada gota \u00e9s una llavor de revolta. La terra i la seva gent es revolten.<\/p>\n\n\n\n<p><\/p>\n","protected":false},"excerpt":{"rendered":"<p>Pensant en moviments socials vinculats amb la cura de la terra ve al cap el vaixell [&hellip;]<\/p>\n","protected":false},"featured_media":71932,"menu_order":0,"template":"","coleccio-arpilleres-autor":[1688,1591],"coleccio-arpilleres-grup":[],"class_list":["post-71951","coleccio-arpilleres","type-coleccio-arpilleres","status-publish","has-post-thumbnail","hentry","coleccio-arpilleres-autor-marta-rodriguez","coleccio-arpilleres-autor-pilar-lopez"],"_links":{"self":[{"href":"https:\/\/fundacioateneusantroc.org\/es\/wp-json\/wp\/v2\/coleccio-arpilleres\/71951","targetHints":{"allow":["GET"]}}],"collection":[{"href":"https:\/\/fundacioateneusantroc.org\/es\/wp-json\/wp\/v2\/coleccio-arpilleres"}],"about":[{"href":"https:\/\/fundacioateneusantroc.org\/es\/wp-json\/wp\/v2\/types\/coleccio-arpilleres"}],"version-history":[{"count":1,"href":"https:\/\/fundacioateneusantroc.org\/es\/wp-json\/wp\/v2\/coleccio-arpilleres\/71951\/revisions"}],"predecessor-version":[{"id":71952,"href":"https:\/\/fundacioateneusantroc.org\/es\/wp-json\/wp\/v2\/coleccio-arpilleres\/71951\/revisions\/71952"}],"wp:featuredmedia":[{"embeddable":true,"href":"https:\/\/fundacioateneusantroc.org\/es\/wp-json\/wp\/v2\/media\/71932"}],"wp:attachment":[{"href":"https:\/\/fundacioateneusantroc.org\/es\/wp-json\/wp\/v2\/media?parent=71951"}],"wp:term":[{"taxonomy":"coleccio-arpilleres-autor","embeddable":true,"href":"https:\/\/fundacioateneusantroc.org\/es\/wp-json\/wp\/v2\/coleccio-arpilleres-autor?post=71951"},{"taxonomy":"coleccio-arpilleres-grup","embeddable":true,"href":"https:\/\/fundacioateneusantroc.org\/es\/wp-json\/wp\/v2\/coleccio-arpilleres-grup?post=71951"}],"curies":[{"name":"wp","href":"https:\/\/api.w.org\/{rel}","templated":true}]}}

<p>Pensant en moviments socials vinculats amb la cura de la terra ve al cap el vaixell de Greenpeace, Berta Cáceres, les represes de Brasil, Greta Thunberg… però buscàvem un moviment més proper, una terra més nostra. I en la cerca, va aparèixer el moviment Som la terra que es revolta, enllaçant lluites petites per trobar grans respostes.&nbsp;</p>



<p>Des de Lo riu és vida de l’Ebre passant pel <em>NO a la MAT</em>! de les terres de Girona fins l’<em>STOP JJOO 2030</em> al Pirineu. Lluites al costat de casa com Ni un pam de terra per protegir el delta del Llobregat enfront l’ampliació de l’aeroport. Lluites de camp com la <em>Revolta pagesa</em>. Lluites de litoral com a Mallorca amb el turisme massiu. Lluites energètiques com <em>Nuclears, no gràcies</em> que encara continuen vigents.</p>



<p>El poder del capital, dels més poderosos esprem el nostre planeta posant en perill els seus recursos naturals i posa els beneficis econòmics per davant del futur planeta i de les persones. Però de la terra espremuda sorgeix la lluita, la reivindicació, la mobilització, i la resistència.</p>



<p>Cada gota és una llavor de revolta. La terra i la seva gent es revolten.</p>



<p></p>
