{"id":71953,"date":"2026-05-14T08:55:17","date_gmt":"2026-05-14T06:55:17","guid":{"rendered":"https:\/\/fundacioateneusantroc.org\/?post_type=coleccio-arpilleres&#038;p=71953"},"modified":"2026-05-14T08:55:19","modified_gmt":"2026-05-14T06:55:19","slug":"fils-del-moviment-obrer","status":"publish","type":"coleccio-arpilleres","link":"https:\/\/fundacioateneusantroc.org\/es\/coleccions\/fils-del-moviment-obrer\/","title":{"rendered":"Fils del moviment obrer\u00a0"},"content":{"rendered":"\n<p>Quan vam repartir-nos els diferents moviments, la lluita obrera va quedar sobre la taula. Un moviment tan important, de caire global i amb tants esfor\u00e7os i conquestes&#8230; Era un gran repte!<\/p>\n\n\n\n<p>Primerament, vam cosir els drets i aquest caire reivindicatiu d\u2019esfor\u00e7 i uni\u00f3 que caracteritza el moviment. Despr\u00e9s alguns fils que ens empenyien a denunciar el treball infantil, les jornades laborals o la repressi\u00f3 representada per la mort de Manuel Fern\u00e1ndez M\u00e1rquez a la Central T\u00e8rmica del Bes\u00f2s.<\/p>\n\n\n\n<p>Un altre fil va ser l\u2019esperit organitzatiu, de resist\u00e8ncia i d\u2019ajuda m\u00fatua que es respirava fora de les f\u00e0briques. Als barris es van crear ateneus, escoles, cooperatives&#8230; com La Moral de Badalona.<\/p>\n\n\n\n<p>Durant el cam\u00ed, tamb\u00e9 hem descobert la import\u00e0ncia de la voluntat pol\u00edtica de crear lleis per al benestar col\u00b7lectiu, i aix\u00ed arribem a Frances Perkins.<\/p>\n\n\n\n<p>I el fil de les manifestacions ens alerta que encara avui queda molt per reivindicar: dones per la igualtat de drets laborals, jubilats per unes pensions m\u00e9s dignes, treballadores de la llar&#8230;<\/p>\n\n\n\n<p>Aquesta arpillera mostra l\u2019esfor\u00e7 col\u00b7lectiu i la import\u00e0ncia d\u2019estar units, actius i solidaris per continuar conquerint i defensant els nostres drets.<\/p>\n\n\n\n<p><\/p>\n","protected":false},"excerpt":{"rendered":"<p>Quan vam repartir-nos els diferents moviments, la lluita obrera va quedar sobre la taula. Un moviment [&hellip;]<\/p>\n","protected":false},"featured_media":71934,"menu_order":0,"template":"","coleccio-arpilleres-autor":[1734,1246],"coleccio-arpilleres-grup":[],"class_list":["post-71953","coleccio-arpilleres","type-coleccio-arpilleres","status-publish","has-post-thumbnail","hentry","coleccio-arpilleres-autor-fina-cala","coleccio-arpilleres-autor-roser-corbera"],"_links":{"self":[{"href":"https:\/\/fundacioateneusantroc.org\/es\/wp-json\/wp\/v2\/coleccio-arpilleres\/71953","targetHints":{"allow":["GET"]}}],"collection":[{"href":"https:\/\/fundacioateneusantroc.org\/es\/wp-json\/wp\/v2\/coleccio-arpilleres"}],"about":[{"href":"https:\/\/fundacioateneusantroc.org\/es\/wp-json\/wp\/v2\/types\/coleccio-arpilleres"}],"version-history":[{"count":1,"href":"https:\/\/fundacioateneusantroc.org\/es\/wp-json\/wp\/v2\/coleccio-arpilleres\/71953\/revisions"}],"predecessor-version":[{"id":71954,"href":"https:\/\/fundacioateneusantroc.org\/es\/wp-json\/wp\/v2\/coleccio-arpilleres\/71953\/revisions\/71954"}],"wp:featuredmedia":[{"embeddable":true,"href":"https:\/\/fundacioateneusantroc.org\/es\/wp-json\/wp\/v2\/media\/71934"}],"wp:attachment":[{"href":"https:\/\/fundacioateneusantroc.org\/es\/wp-json\/wp\/v2\/media?parent=71953"}],"wp:term":[{"taxonomy":"coleccio-arpilleres-autor","embeddable":true,"href":"https:\/\/fundacioateneusantroc.org\/es\/wp-json\/wp\/v2\/coleccio-arpilleres-autor?post=71953"},{"taxonomy":"coleccio-arpilleres-grup","embeddable":true,"href":"https:\/\/fundacioateneusantroc.org\/es\/wp-json\/wp\/v2\/coleccio-arpilleres-grup?post=71953"}],"curies":[{"name":"wp","href":"https:\/\/api.w.org\/{rel}","templated":true}]}}

<p>Quan vam repartir-nos els diferents moviments, la lluita obrera va quedar sobre la taula. Un moviment tan important, de caire global i amb tants esforços i conquestes&#8230; Era un gran repte!</p>



<p>Primerament, vam cosir els drets i aquest caire reivindicatiu d’esforç i unió que caracteritza el moviment. Després alguns fils que ens empenyien a denunciar el treball infantil, les jornades laborals o la repressió representada per la mort de Manuel Fernández Márquez a la Central Tèrmica del Besòs.</p>



<p>Un altre fil va ser l’esperit organitzatiu, de resistència i d’ajuda mútua que es respirava fora de les fàbriques. Als barris es van crear ateneus, escoles, cooperatives&#8230; com La Moral de Badalona.</p>



<p>Durant el camí, també hem descobert la importància de la voluntat política de crear lleis per al benestar col·lectiu, i així arribem a Frances Perkins.</p>



<p>I el fil de les manifestacions ens alerta que encara avui queda molt per reivindicar: dones per la igualtat de drets laborals, jubilats per unes pensions més dignes, treballadores de la llar&#8230;</p>



<p>Aquesta arpillera mostra l’esforç col·lectiu i la importància d’estar units, actius i solidaris per continuar conquerint i defensant els nostres drets.</p>



<p></p>
