{"id":71955,"date":"2026-05-14T08:57:02","date_gmt":"2026-05-14T06:57:02","guid":{"rendered":"https:\/\/fundacioateneusantroc.org\/?post_type=coleccio-arpilleres&#038;p=71955"},"modified":"2026-05-14T08:57:03","modified_gmt":"2026-05-14T06:57:03","slug":"patriarcat","status":"publish","type":"coleccio-arpilleres","link":"https:\/\/fundacioateneusantroc.org\/es\/coleccions\/patriarcat\/","title":{"rendered":"Patriarcat"},"content":{"rendered":"\n<p>El patriarcat \u00e9s un mur dif\u00edcil de derrocar. Milers de dones, fil\u00f2sofes, escriptores, artistes, cantants&#8230; ens han obert el cam\u00ed. I ens il\u00b7luminen i donen for\u00e7a des del m\u00e9s enll\u00e0 en un parad\u00eds lila.<\/p>\n\n\n\n<p>El mur est\u00e0 esquerdat, tot just. I val encara la for\u00e7a de milers de dones acompanyades per fil\u00f2sofes, escriptores, artistes, cantants&#8230; per aconseguir derrocar el mur per tal de fer realitat una veritable igualtat de tots els \u00e9ssers humans que habiten aquest planeta.<\/p>\n\n\n\n<p>La meva arpillera vol retre homenatge, doncs, a les predecessores i a totes les que des d\u2019aqu\u00ed i ara continuen la lluita i ens acompanyen en la nostra de cada dia.<\/p>\n","protected":false},"excerpt":{"rendered":"<p>El patriarcat \u00e9s un mur dif\u00edcil de derrocar. Milers de dones, fil\u00f2sofes, escriptores, artistes, cantants&#8230; ens [&hellip;]<\/p>\n","protected":false},"featured_media":71936,"menu_order":0,"template":"","coleccio-arpilleres-autor":[1276],"coleccio-arpilleres-grup":[],"class_list":["post-71955","coleccio-arpilleres","type-coleccio-arpilleres","status-publish","has-post-thumbnail","hentry","coleccio-arpilleres-autor-fina-niubo"],"_links":{"self":[{"href":"https:\/\/fundacioateneusantroc.org\/es\/wp-json\/wp\/v2\/coleccio-arpilleres\/71955","targetHints":{"allow":["GET"]}}],"collection":[{"href":"https:\/\/fundacioateneusantroc.org\/es\/wp-json\/wp\/v2\/coleccio-arpilleres"}],"about":[{"href":"https:\/\/fundacioateneusantroc.org\/es\/wp-json\/wp\/v2\/types\/coleccio-arpilleres"}],"version-history":[{"count":1,"href":"https:\/\/fundacioateneusantroc.org\/es\/wp-json\/wp\/v2\/coleccio-arpilleres\/71955\/revisions"}],"predecessor-version":[{"id":71956,"href":"https:\/\/fundacioateneusantroc.org\/es\/wp-json\/wp\/v2\/coleccio-arpilleres\/71955\/revisions\/71956"}],"wp:featuredmedia":[{"embeddable":true,"href":"https:\/\/fundacioateneusantroc.org\/es\/wp-json\/wp\/v2\/media\/71936"}],"wp:attachment":[{"href":"https:\/\/fundacioateneusantroc.org\/es\/wp-json\/wp\/v2\/media?parent=71955"}],"wp:term":[{"taxonomy":"coleccio-arpilleres-autor","embeddable":true,"href":"https:\/\/fundacioateneusantroc.org\/es\/wp-json\/wp\/v2\/coleccio-arpilleres-autor?post=71955"},{"taxonomy":"coleccio-arpilleres-grup","embeddable":true,"href":"https:\/\/fundacioateneusantroc.org\/es\/wp-json\/wp\/v2\/coleccio-arpilleres-grup?post=71955"}],"curies":[{"name":"wp","href":"https:\/\/api.w.org\/{rel}","templated":true}]}}

<p>El patriarcat és un mur difícil de derrocar. Milers de dones, filòsofes, escriptores, artistes, cantants&#8230; ens han obert el camí. I ens il·luminen i donen força des del més enllà en un paradís lila.</p>



<p>El mur està esquerdat, tot just. I val encara la força de milers de dones acompanyades per filòsofes, escriptores, artistes, cantants&#8230; per aconseguir derrocar el mur per tal de fer realitat una veritable igualtat de tots els éssers humans que habiten aquest planeta.</p>



<p>La meva arpillera vol retre homenatge, doncs, a les predecessores i a totes les que des d’aquí i ara continuen la lluita i ens acompanyen en la nostra de cada dia.</p>

<p>El patriarcat és un mur difícil de derrocar. Milers de dones, filòsofes, escriptores, artistes, cantants&#8230; ens [&hellip;]</p>
