{"id":71957,"date":"2026-05-14T08:59:45","date_gmt":"2026-05-14T06:59:45","guid":{"rendered":"https:\/\/fundacioateneusantroc.org\/?post_type=coleccio-arpilleres&#038;p=71957"},"modified":"2026-05-14T09:19:39","modified_gmt":"2026-05-14T07:19:39","slug":"sense-diversitat-no-hi-ha-llibertat","status":"publish","type":"coleccio-arpilleres","link":"https:\/\/fundacioateneusantroc.org\/es\/coleccions\/sense-diversitat-no-hi-ha-llibertat\/","title":{"rendered":"Sense diversitat no hi ha llibertat"},"content":{"rendered":"\n<p>De tots els drets de l\u2019\u00e9sser hum\u00e0, potser uns dels m\u00e9s b\u00e0sics i dels m\u00e9s perseguits \u00e9s el dret a la pr\u00f2pia sexualitat i a la identitat de g\u00e8nere.<\/p>\n\n\n\n<p>Les persones que no s\u00b4adeq\u00fcen al constructo social sobre identitat sexual i de g\u00e8nere han estat durament reprimides i castigades.<\/p>\n\n\n\n<p>Des la primera organitzaci\u00f3, el Front d\u2019Alliberament Gai de Catalunya i les primeres reivindicacions, que eren tan obvies, com aconseguir la derogaci\u00f3 de la llei de peligrositat social en la es tractava de delinq\u00fcents als homosexuals, lesbianes i persones transg\u00e8nere, fins a la recent Llei Org\u00e0nica de Garantia Integral de la Llibertat Sexual, s\u2019ha recorregut un llarg cam\u00ed, que ha aconseguit fites com la Llei del matrimoni homosexual.<\/p>\n\n\n\n<p>Encara que s\u2019han aconseguit importants progressos legals, socialment encara queda molt cam\u00ed a rec\u00f3rrer fins aconseguir que els drets d\u2019aquest col\u00b7lectius siguin plenament reconeguts.<\/p>\n\n\n\n<p>A la nostra arpillera hem volgut homenatjar a les persones que han lluitat i en molts casos perdut la vida per a que es reconeix el dret a estimar i sentir-se com vulguin.<\/p>\n","protected":false},"excerpt":{"rendered":"<p>De tots els drets de l\u2019\u00e9sser hum\u00e0, potser uns dels m\u00e9s b\u00e0sics i dels m\u00e9s perseguits [&hellip;]<\/p>\n","protected":false},"featured_media":71938,"menu_order":0,"template":"","coleccio-arpilleres-autor":[1735,1690,1736],"coleccio-arpilleres-grup":[],"class_list":["post-71957","coleccio-arpilleres","type-coleccio-arpilleres","status-publish","has-post-thumbnail","hentry","coleccio-arpilleres-autor-assumpta-ibanez","coleccio-arpilleres-autor-montse-caro","coleccio-arpilleres-autor-patricia-martos"],"_links":{"self":[{"href":"https:\/\/fundacioateneusantroc.org\/es\/wp-json\/wp\/v2\/coleccio-arpilleres\/71957","targetHints":{"allow":["GET"]}}],"collection":[{"href":"https:\/\/fundacioateneusantroc.org\/es\/wp-json\/wp\/v2\/coleccio-arpilleres"}],"about":[{"href":"https:\/\/fundacioateneusantroc.org\/es\/wp-json\/wp\/v2\/types\/coleccio-arpilleres"}],"version-history":[{"count":3,"href":"https:\/\/fundacioateneusantroc.org\/es\/wp-json\/wp\/v2\/coleccio-arpilleres\/71957\/revisions"}],"predecessor-version":[{"id":71961,"href":"https:\/\/fundacioateneusantroc.org\/es\/wp-json\/wp\/v2\/coleccio-arpilleres\/71957\/revisions\/71961"}],"wp:featuredmedia":[{"embeddable":true,"href":"https:\/\/fundacioateneusantroc.org\/es\/wp-json\/wp\/v2\/media\/71938"}],"wp:attachment":[{"href":"https:\/\/fundacioateneusantroc.org\/es\/wp-json\/wp\/v2\/media?parent=71957"}],"wp:term":[{"taxonomy":"coleccio-arpilleres-autor","embeddable":true,"href":"https:\/\/fundacioateneusantroc.org\/es\/wp-json\/wp\/v2\/coleccio-arpilleres-autor?post=71957"},{"taxonomy":"coleccio-arpilleres-grup","embeddable":true,"href":"https:\/\/fundacioateneusantroc.org\/es\/wp-json\/wp\/v2\/coleccio-arpilleres-grup?post=71957"}],"curies":[{"name":"wp","href":"https:\/\/api.w.org\/{rel}","templated":true}]}}

<p>De tots els drets de l’ésser humà, potser uns dels més bàsics i dels més perseguits és el dret a la pròpia sexualitat i a la identitat de gènere.</p>



<p>Les persones que no s´adeqüen al constructo social sobre identitat sexual i de gènere han estat durament reprimides i castigades.</p>



<p>Des la primera organització, el Front d’Alliberament Gai de Catalunya i les primeres reivindicacions, que eren tan obvies, com aconseguir la derogació de la llei de peligrositat social en la es tractava de delinqüents als homosexuals, lesbianes i persones transgènere, fins a la recent Llei Orgànica de Garantia Integral de la Llibertat Sexual, s’ha recorregut un llarg camí, que ha aconseguit fites com la Llei del matrimoni homosexual.</p>



<p>Encara que s’han aconseguit importants progressos legals, socialment encara queda molt camí a recórrer fins aconseguir que els drets d’aquest col·lectius siguin plenament reconeguts.</p>



<p>A la nostra arpillera hem volgut homenatjar a les persones que han lluitat i en molts casos perdut la vida per a que es reconeix el dret a estimar i sentir-se com vulguin.</p>

<p>De tots els drets de l’ésser humà, potser uns dels més bàsics i dels més perseguits [&hellip;]</p>
